Last updated on 2024-06-29 11:49:10 CEST.
Flavor | Version | Tinstall | Tcheck | Ttotal | Status | Flags |
---|---|---|---|---|---|---|
r-devel-linux-x86_64-debian-clang | 3.0.0 | 751.87 | 179.50 | 931.37 | NOTE | |
r-devel-linux-x86_64-debian-gcc | 3.0.0 | 531.86 | 126.36 | 658.22 | NOTE | |
r-devel-linux-x86_64-fedora-clang | 3.0.0 | 1479.53 | NOTE | |||
r-devel-linux-x86_64-fedora-gcc | 3.0.0 | 1534.55 | NOTE | |||
r-devel-windows-x86_64 | 3.0.0 | 626.00 | 178.00 | 804.00 | NOTE | |
r-patched-linux-x86_64 | 3.0.0 | 634.33 | 164.25 | 798.58 | NOTE | |
r-release-linux-x86_64 | 3.0.0 | 649.04 | 165.64 | 814.68 | NOTE | |
r-release-macos-arm64 | 3.0.0 | 217.00 | NOTE | |||
r-release-macos-x86_64 | 3.0.0 | 216.00 | NOTE | |||
r-release-windows-x86_64 | 3.0.0 | 626.00 | 175.00 | 801.00 | NOTE | |
r-oldrel-macos-arm64 | 3.0.0 | 285.00 | NOTE | |||
r-oldrel-macos-x86_64 | 3.0.0 | 547.00 | NOTE | |||
r-oldrel-windows-x86_64 | 3.0.0 | 747.00 | 220.00 | 967.00 | NOTE |
Version: 3.0.0
Check: C++ specification
Result: NOTE
Specified C++11: please drop specification unless essential
Flavors: r-devel-linux-x86_64-debian-clang, r-devel-linux-x86_64-debian-gcc, r-devel-linux-x86_64-fedora-clang, r-devel-linux-x86_64-fedora-gcc, r-devel-windows-x86_64, r-patched-linux-x86_64, r-release-linux-x86_64, r-release-macos-arm64, r-release-macos-x86_64, r-release-windows-x86_64, r-oldrel-macos-arm64, r-oldrel-macos-x86_64, r-oldrel-windows-x86_64
Version: 3.0.0
Check: installed package size
Result: NOTE
installed size is 15.9Mb
sub-directories of 1Mb or more:
doc 1.5Mb
libs 14.0Mb
Flavors: r-release-macos-arm64, r-release-macos-x86_64, r-oldrel-macos-arm64, r-oldrel-macos-x86_64