CRAN Package Check Results for Package dga

Last updated on 2025-04-30 01:50:16 CEST.

Flavor Version Tinstall Tcheck Ttotal Status Flags
r-devel-linux-x86_64-debian-clang 2.0.1 17.24 34.17 51.41 NOTE
r-devel-linux-x86_64-debian-gcc 2.0.1 14.57 26.05 40.62 NOTE
r-devel-linux-x86_64-fedora-clang 2.0.1 90.44 NOTE
r-devel-linux-x86_64-fedora-gcc 2.0.1 85.67 NOTE
r-devel-windows-x86_64 2.0.1 24.00 80.00 104.00 NOTE
r-patched-linux-x86_64 2.0.1 20.40 32.11 52.51 NOTE
r-release-linux-x86_64 2.0.1 19.07 31.78 50.85 NOTE
r-release-macos-arm64 2.0.1 30.00 NOTE
r-release-macos-x86_64 2.0.1 50.00 NOTE
r-release-windows-x86_64 2.0.1 24.00 76.00 100.00 NOTE
r-oldrel-macos-arm64 2.0.1 28.00 NOTE
r-oldrel-macos-x86_64 2.0.1 39.00 NOTE
r-oldrel-windows-x86_64 2.0.1 28.00 89.00 117.00 NOTE

Check Details

Version: 2.0.1
Check: C++ specification
Result: NOTE Specified C++11: please drop specification unless essential Flavors: r-devel-linux-x86_64-debian-clang, r-devel-linux-x86_64-debian-gcc, r-devel-linux-x86_64-fedora-clang, r-devel-linux-x86_64-fedora-gcc, r-devel-windows-x86_64, r-patched-linux-x86_64, r-release-linux-x86_64, r-release-macos-arm64, r-release-macos-x86_64, r-release-windows-x86_64, r-oldrel-macos-arm64, r-oldrel-macos-x86_64, r-oldrel-windows-x86_64