Last updated on 2024-07-03 01:49:02 CEST.
Flavor | Version | Tinstall | Tcheck | Ttotal | Status | Flags |
---|---|---|---|---|---|---|
r-devel-linux-x86_64-debian-clang | 1.7-3 | 22.99 | 27.04 | 50.03 | NOTE | |
r-devel-linux-x86_64-debian-gcc | 1.7-3 | 21.75 | 20.97 | 42.72 | NOTE | |
r-devel-linux-x86_64-fedora-clang | 1.7-3 | 76.10 | NOTE | |||
r-devel-linux-x86_64-fedora-gcc | 1.7-3 | 78.88 | NOTE | |||
r-devel-windows-x86_64 | 1.7-3 | 31.00 | 59.00 | 90.00 | NOTE | |
r-patched-linux-x86_64 | 1.7-3 | 25.80 | 25.86 | 51.66 | NOTE | |
r-release-linux-x86_64 | 1.7-3 | 22.86 | 26.58 | 49.44 | NOTE | |
r-release-macos-arm64 | 1.7-3 | 27.00 | NOTE | |||
r-release-macos-x86_64 | 1.7-3 | 43.00 | NOTE | |||
r-release-windows-x86_64 | 1.7-3 | 33.00 | 63.00 | 96.00 | NOTE | |
r-oldrel-macos-arm64 | 1.7-3 | 35.00 | NOTE | |||
r-oldrel-macos-x86_64 | 1.7-3 | 45.00 | NOTE | |||
r-oldrel-windows-x86_64 | 1.7-3 | 42.00 | 69.00 | 111.00 | NOTE |
Version: 1.7-3
Check: C++ specification
Result: NOTE
Specified C++11: please drop specification unless essential
Flavors: r-devel-linux-x86_64-debian-clang, r-devel-linux-x86_64-debian-gcc, r-devel-linux-x86_64-fedora-clang, r-devel-linux-x86_64-fedora-gcc, r-devel-windows-x86_64, r-patched-linux-x86_64, r-release-linux-x86_64, r-release-macos-arm64, r-release-macos-x86_64, r-release-windows-x86_64, r-oldrel-macos-arm64, r-oldrel-macos-x86_64, r-oldrel-windows-x86_64
Version: 1.7-3
Check: Rd files
Result: NOTE
checkRd: (-1) mtaBin_next.Rd:27: Lost braces
27 | \item{s_1}{A function depending on the number of patients included used for adaptive randomization in plateau determination, only used if the estimation method chosen is "MTA-RA". The default function is function(n_cur,n){0.2}.}
| ^
checkRd: (-1) mtaBin_sim.Rd:30: Lost braces
30 | \item{s_1}{A function depending on the number of patients included used for adaptive randomization in plateau determination, only used if the estimation method chosen is "MTA-RA". The default function is function(n_cur){0.2}.}
| ^
Flavors: r-devel-linux-x86_64-debian-clang, r-devel-linux-x86_64-debian-gcc, r-devel-linux-x86_64-fedora-clang, r-devel-linux-x86_64-fedora-gcc, r-devel-windows-x86_64, r-patched-linux-x86_64, r-release-linux-x86_64, r-release-macos-arm64, r-release-macos-x86_64, r-release-windows-x86_64