CRAN Package Check Results for Package devFunc

Last updated on 2025-04-29 19:50:29 CEST.

Flavor Version Tinstall Tcheck Ttotal Status Flags
r-devel-linux-x86_64-debian-clang 0.1 3.90 28.45 32.35 NOTE
r-devel-linux-x86_64-debian-gcc 0.1 2.48 22.17 24.65 NOTE
r-devel-linux-x86_64-fedora-clang 0.1 50.36 OK
r-devel-linux-x86_64-fedora-gcc 0.1 47.47 OK
r-devel-windows-x86_64 0.1 5.00 48.00 53.00 OK
r-patched-linux-x86_64 0.1 3.71 27.45 31.16 OK
r-release-linux-x86_64 0.1 3.55 27.51 31.06 OK
r-release-macos-arm64 0.1 23.00 OK
r-release-macos-x86_64 0.1 32.00 OK
r-release-windows-x86_64 0.1 5.00 49.00 54.00 OK
r-oldrel-macos-arm64 0.1 19.00 NOTE
r-oldrel-macos-x86_64 0.1 27.00 NOTE
r-oldrel-windows-x86_64 0.1 6.00 52.00 58.00 NOTE

Additional issues

donttest

Check Details

Version: 0.1
Check: CRAN incoming feasibility
Result: NOTE Maintainer: ‘Robin Van Oirbeek <robin.vanoirbeek@gmail.com>’ No Authors@R field in DESCRIPTION. Please add one, modifying Authors@R: person(given = "Robin", family = "Van Oirbeek", role = c("aut", "cre"), email = "robin.vanoirbeek@gmail.com") as necessary. Flavors: r-devel-linux-x86_64-debian-clang, r-devel-linux-x86_64-debian-gcc

Version: 0.1
Check: LazyData
Result: NOTE 'LazyData' is specified without a 'data' directory Flavors: r-oldrel-macos-arm64, r-oldrel-macos-x86_64, r-oldrel-windows-x86_64