Last updated on 2024-07-02 19:48:09 CEST.
Flavor | Version | Tinstall | Tcheck | Ttotal | Status | Flags |
---|---|---|---|---|---|---|
r-devel-linux-x86_64-debian-clang | 0.3.0 | 49.75 | 36.92 | 86.67 | OK | |
r-devel-linux-x86_64-debian-gcc | 0.3.0 | 45.67 | 27.90 | 73.57 | OK | |
r-devel-linux-x86_64-fedora-clang | 0.3.0 | 127.63 | OK | |||
r-devel-linux-x86_64-fedora-gcc | 0.3.0 | 140.80 | OK | |||
r-devel-windows-x86_64 | 0.3.0 | 46.00 | 73.00 | 119.00 | OK | |
r-patched-linux-x86_64 | 0.3.0 | 48.03 | 35.34 | 83.37 | OK | |
r-release-linux-x86_64 | 0.3.0 | 55.85 | 35.63 | 91.48 | OK | |
r-release-macos-arm64 | 0.3.0 | 36.00 | NOTE | |||
r-release-macos-x86_64 | 0.3.0 | 83.00 | NOTE | |||
r-release-windows-x86_64 | 0.3.0 | 46.00 | 70.00 | 116.00 | OK | |
r-oldrel-macos-arm64 | 0.3.0 | 35.00 | NOTE | |||
r-oldrel-macos-x86_64 | 0.3.0 | 76.00 | NOTE | |||
r-oldrel-windows-x86_64 | 0.3.0 | 55.00 | 81.00 | 136.00 | OK |
Version: 0.3.0
Check: installed package size
Result: NOTE
installed size is 5.8Mb
sub-directories of 1Mb or more:
libs 5.7Mb
Flavors: r-release-macos-arm64, r-release-macos-x86_64, r-oldrel-macos-arm64, r-oldrel-macos-x86_64