Last updated on 2024-06-29 11:49:10 CEST.
Flavor | Version | Tinstall | Tcheck | Ttotal | Status | Flags |
---|---|---|---|---|---|---|
r-devel-linux-x86_64-debian-clang | 0.1.13 | 9.83 | 128.32 | 138.15 | OK | |
r-devel-linux-x86_64-debian-gcc | 0.1.13 | 9.46 | 93.13 | 102.59 | OK | |
r-devel-linux-x86_64-fedora-clang | 0.1.13 | 175.46 | NOTE | |||
r-devel-linux-x86_64-fedora-gcc | 0.1.13 | 191.61 | NOTE | |||
r-devel-windows-x86_64 | 0.1.13 | 13.00 | 106.00 | 119.00 | OK | |
r-patched-linux-x86_64 | 0.1.13 | 13.09 | 119.58 | 132.67 | OK | |
r-release-linux-x86_64 | 0.1.13 | 12.17 | 123.02 | 135.19 | OK | |
r-release-macos-arm64 | 0.1.13 | 62.00 | OK | |||
r-release-macos-x86_64 | 0.1.13 | 83.00 | OK | |||
r-release-windows-x86_64 | 0.1.13 | 13.00 | 107.00 | 120.00 | OK | |
r-oldrel-macos-arm64 | 0.1.13 | 57.00 | OK | |||
r-oldrel-macos-x86_64 | 0.1.13 | 165.00 | OK | |||
r-oldrel-windows-x86_64 | 0.1.13 | 16.00 | 129.00 | 145.00 | OK |
Version: 0.1.13
Check: data for non-ASCII characters
Result: NOTE
Note: found 47 marked UTF-8 strings
Flavors: r-devel-linux-x86_64-fedora-clang, r-devel-linux-x86_64-fedora-gcc