CRAN Package Check Results for Package designer

Last updated on 2025-05-19 02:49:34 CEST.

Flavor Version Tinstall Tcheck Ttotal Status Flags
r-devel-linux-x86_64-debian-clang 0.3.0 4.37 42.31 46.68 NOTE
r-devel-linux-x86_64-debian-gcc 0.3.0 2.86 32.86 35.72 NOTE
r-devel-linux-x86_64-fedora-clang 0.3.0 72.77 NOTE
r-devel-linux-x86_64-fedora-gcc 0.3.0 84.52 NOTE
r-devel-windows-x86_64 0.3.0 8.00 73.00 81.00 NOTE
r-patched-linux-x86_64 0.3.0 4.90 39.65 44.55 NOTE
r-release-linux-x86_64 0.3.0 4.47 39.71 44.18 NOTE
r-release-macos-arm64 0.3.0 31.00 NOTE
r-release-macos-x86_64 0.3.0 59.00 NOTE
r-release-windows-x86_64 0.3.0 6.00 70.00 76.00 NOTE
r-oldrel-macos-arm64 0.3.0 35.00 OK
r-oldrel-macos-x86_64 0.3.0 54.00 OK
r-oldrel-windows-x86_64 0.3.0 9.00 70.00 79.00 OK

Check Details

Version: 0.3.0
Check: DESCRIPTION meta-information
Result: NOTE Missing dependency on R >= 4.1.0 because package code uses the pipe |> or function shorthand \(...) syntax added in R 4.1.0. File(s) using such syntax: ‘mod_template_srv.R’ Flavors: r-devel-linux-x86_64-debian-clang, r-devel-linux-x86_64-debian-gcc, r-devel-linux-x86_64-fedora-clang, r-devel-linux-x86_64-fedora-gcc, r-devel-windows-x86_64, r-patched-linux-x86_64, r-release-linux-x86_64, r-release-macos-arm64, r-release-macos-x86_64, r-release-windows-x86_64