Last updated on 2025-04-29 13:51:21 CEST.
Flavor | Version | Tinstall | Tcheck | Ttotal | Status | Flags |
---|---|---|---|---|---|---|
r-devel-linux-x86_64-debian-clang | 1.3 | 7.82 | 80.12 | 87.94 | NOTE | |
r-devel-linux-x86_64-debian-gcc | 1.3 | 5.54 | 53.98 | 59.52 | OK | |
r-devel-linux-x86_64-fedora-clang | 1.3 | 125.92 | OK | |||
r-devel-linux-x86_64-fedora-gcc | 1.3 | 120.96 | OK | |||
r-devel-windows-x86_64 | 1.3 | 10.00 | 96.00 | 106.00 | OK | |
r-patched-linux-x86_64 | 1.3 | 8.21 | 75.88 | 84.09 | OK | |
r-release-linux-x86_64 | 1.3 | 7.14 | 73.69 | 80.83 | OK | |
r-release-macos-arm64 | 1.3 | 45.00 | OK | |||
r-release-macos-x86_64 | 1.3 | 69.00 | OK | |||
r-release-windows-x86_64 | 1.3 | 9.00 | 92.00 | 101.00 | OK | |
r-oldrel-macos-arm64 | 1.3 | 37.00 | OK | |||
r-oldrel-macos-x86_64 | 1.3 | 61.00 | OK | |||
r-oldrel-windows-x86_64 | 1.3 | 11.00 | 119.00 | 130.00 | OK |
Version: 1.3
Check: examples
Result: NOTE
Examples with CPU (user + system) or elapsed time > 5s
user system elapsed
ggassoc_bertin 4.211 0.003 5.83
Flavor: r-devel-linux-x86_64-debian-clang