Last updated on 2024-06-29 11:49:10 CEST.
Flavor | Version | Tinstall | Tcheck | Ttotal | Status | Flags |
---|---|---|---|---|---|---|
r-devel-linux-x86_64-debian-clang | 0.2.5 | 4.24 | 73.24 | 77.48 | NOTE | |
r-devel-linux-x86_64-debian-gcc | 0.2.5 | 3.87 | 55.04 | 58.91 | NOTE | |
r-devel-linux-x86_64-fedora-clang | 0.2.5 | 100.80 | NOTE | |||
r-devel-linux-x86_64-fedora-gcc | 0.2.5 | 113.89 | NOTE | |||
r-devel-windows-x86_64 | 0.2.5 | 6.00 | 129.00 | 135.00 | NOTE | |
r-patched-linux-x86_64 | 0.2.5 | 4.71 | 70.09 | 74.80 | NOTE | |
r-release-linux-x86_64 | 0.2.5 | 4.36 | 69.85 | 74.21 | NOTE | |
r-release-macos-arm64 | 0.2.5 | 37.00 | NOTE | |||
r-release-macos-x86_64 | 0.2.5 | 57.00 | NOTE | |||
r-release-windows-x86_64 | 0.2.5 | 6.00 | 128.00 | 134.00 | NOTE | |
r-oldrel-macos-arm64 | 0.2.5 | 36.00 | NOTE | |||
r-oldrel-macos-x86_64 | 0.2.5 | 48.00 | NOTE | |||
r-oldrel-windows-x86_64 | 0.2.5 | 7.00 | 115.00 | 122.00 | NOTE |
Version: 0.2.5
Check: Rd files
Result: NOTE
checkRd: (-1) barriers.Rd:127: Escaped LaTeX specials: \$
Flavors: r-devel-linux-x86_64-debian-clang, r-devel-linux-x86_64-debian-gcc, r-devel-linux-x86_64-fedora-clang, r-devel-linux-x86_64-fedora-gcc, r-devel-windows-x86_64, r-patched-linux-x86_64, r-release-linux-x86_64, r-release-macos-arm64, r-release-macos-x86_64, r-release-windows-x86_64, r-oldrel-macos-arm64, r-oldrel-macos-x86_64, r-oldrel-windows-x86_64