Last updated on 2024-07-01 00:49:41 CEST.
Flavor | Version | Tinstall | Tcheck | Ttotal | Status | Flags |
---|---|---|---|---|---|---|
r-devel-linux-x86_64-debian-clang | 1.0.2 | 13.94 | 103.34 | 117.28 | OK | |
r-devel-linux-x86_64-debian-gcc | 1.0.2 | 10.33 | 77.29 | 87.62 | OK | |
r-devel-linux-x86_64-fedora-clang | 1.0.2 | 145.29 | OK | |||
r-devel-linux-x86_64-fedora-gcc | 1.0.2 | 148.36 | OK | |||
r-devel-windows-x86_64 | 1.0.2 | 13.00 | 94.00 | 107.00 | OK | |
r-patched-linux-x86_64 | 1.0.2 | 13.30 | 97.87 | 111.17 | OK | |
r-release-linux-x86_64 | 1.0.2 | 7.67 | 99.01 | 106.68 | OK | |
r-release-macos-arm64 | 1.0.2 | 42.00 | OK | |||
r-release-macos-x86_64 | 1.0.2 | 63.00 | OK | |||
r-release-windows-x86_64 | 1.0.2 | 11.00 | 91.00 | 102.00 | OK | |
r-oldrel-macos-arm64 | 1.0.2 | 46.00 | OK | |||
r-oldrel-macos-x86_64 | 1.0.2 | 71.00 | NOTE | |||
r-oldrel-windows-x86_64 | 1.0.2 | 14.00 | 109.00 | 123.00 | OK |
Version: 1.0.2
Check: package dependencies
Result: NOTE
Package suggested but not available for checking: ‘missMDA’
Flavor: r-oldrel-macos-x86_64