CRAN Package Check Results for Package dendroextras

Last updated on 2025-04-29 19:50:29 CEST.

Flavor Version Tinstall Tcheck Ttotal Status Flags
r-devel-linux-x86_64-debian-clang 0.2.3 1.75 20.94 22.69 NOTE
r-devel-linux-x86_64-debian-gcc 0.2.3 1.47 17.02 18.49 NOTE
r-devel-linux-x86_64-fedora-clang 0.2.3 33.64 OK
r-devel-linux-x86_64-fedora-gcc 0.2.3 32.28 OK
r-devel-windows-x86_64 0.2.3 3.00 41.00 44.00 OK
r-patched-linux-x86_64 0.2.3 1.83 19.22 21.05 OK
r-release-linux-x86_64 0.2.3 1.84 18.98 20.82 OK
r-release-macos-arm64 0.2.3 20.00 OK
r-release-macos-x86_64 0.2.3 37.00 OK
r-release-windows-x86_64 0.2.3 3.00 43.00 46.00 OK
r-oldrel-macos-arm64 0.2.3 20.00 OK
r-oldrel-macos-x86_64 0.2.3 22.00 OK
r-oldrel-windows-x86_64 0.2.3 3.00 43.00 46.00 OK

Check Details

Version: 0.2.3
Check: CRAN incoming feasibility
Result: NOTE Maintainer: ‘Gregory Jefferis <jefferis@gmail.com>’ Found the following \keyword or \concept entries which likely give several index terms: File ‘dendroextras-package.Rd’: \keyword{package,} Flavors: r-devel-linux-x86_64-debian-clang, r-devel-linux-x86_64-debian-gcc