Last updated on 2025-04-29 19:50:29 CEST.
Flavor | Version | Tinstall | Tcheck | Ttotal | Status | Flags |
---|---|---|---|---|---|---|
r-devel-linux-x86_64-debian-clang | 1.2.1 | 39.26 | 70.41 | 109.67 | NOTE | |
r-devel-linux-x86_64-debian-gcc | 1.2.1 | 31.82 | 50.94 | 82.76 | NOTE | |
r-devel-linux-x86_64-fedora-clang | 1.2.1 | 177.50 | OK | |||
r-devel-linux-x86_64-fedora-gcc | 1.2.1 | 218.63 | OK | |||
r-devel-windows-x86_64 | 1.2.1 | 41.00 | 107.00 | 148.00 | OK | |
r-patched-linux-x86_64 | 1.2.1 | 45.34 | 70.80 | 116.14 | OK | |
r-release-linux-x86_64 | 1.2.1 | 48.17 | 71.25 | 119.42 | OK | |
r-release-macos-arm64 | 1.2.1 | 79.00 | OK | |||
r-release-macos-x86_64 | 1.2.1 | 126.00 | OK | |||
r-release-windows-x86_64 | 1.2.1 | 42.00 | 110.00 | 152.00 | OK | |
r-oldrel-macos-arm64 | 1.2.1 | 60.00 | NOTE | |||
r-oldrel-macos-x86_64 | 1.2.1 | 91.00 | NOTE | |||
r-oldrel-windows-x86_64 | 1.2.1 | 47.00 | 132.00 | 179.00 | OK |
Version: 1.2.1
Check: CRAN incoming feasibility
Result: NOTE
Maintainer: ‘Hadrien Lorenzo <hadrien.lorenzo.2015@gmail.com>’
No Authors@R field in DESCRIPTION.
Please add one, modifying
Authors@R: person(given = "Hadrien",
family = "Lorenzo",
role = c("aut", "cre"),
email = "hadrien.lorenzo.2015@gmail.com")
as necessary.
Flavors: r-devel-linux-x86_64-debian-clang, r-devel-linux-x86_64-debian-gcc
Version: 1.2.1
Check: installed package size
Result: NOTE
installed size is 15.2Mb
sub-directories of 1Mb or more:
libs 14.5Mb
Flavors: r-oldrel-macos-arm64, r-oldrel-macos-x86_64