Last updated on 2025-10-09 12:51:14 CEST.
Flavor | Version | Tinstall | Tcheck | Ttotal | Status | Flags |
---|---|---|---|---|---|---|
r-devel-linux-x86_64-debian-clang | 1.1 | 7.84 | 78.53 | 86.37 | NOTE | |
r-devel-linux-x86_64-debian-gcc | 1.1 | 5.64 | 54.30 | 59.94 | NOTE | |
r-devel-linux-x86_64-fedora-clang | 1.1 | 130.65 | OK | |||
r-devel-linux-x86_64-fedora-gcc | 1.1 | 122.38 | OK | |||
r-devel-windows-x86_64 | 1.1 | 10.00 | 83.00 | 93.00 | OK | |
r-patched-linux-x86_64 | 1.1 | 7.30 | 73.13 | 80.43 | OK | |
r-release-linux-x86_64 | 1.1 | 6.78 | 73.24 | 80.02 | OK | |
r-release-macos-arm64 | 1.1 | 39.00 | OK | |||
r-release-macos-x86_64 | 1.1 | 85.00 | OK | |||
r-release-windows-x86_64 | 1.1 | 9.00 | 82.00 | 91.00 | OK | |
r-oldrel-macos-arm64 | 1.1 | 35.00 | OK | |||
r-oldrel-macos-x86_64 | 1.1 | 53.00 | OK | |||
r-oldrel-windows-x86_64 | 1.1 | 11.00 | 103.00 | 114.00 | OK |
Version: 1.1
Check: CRAN incoming feasibility
Result: NOTE
Maintainer: ‘Fan Yang <fyang1@uchicago.edu>’
The Description field contains
<arXiv:1906.00051>) by decomposing a large covariance matrix into a
Please refer to arXiv e-prints via their arXiv DOI <doi:10.48550/arXiv.YYMM.NNNNN>.
Flavors: r-devel-linux-x86_64-debian-clang, r-devel-linux-x86_64-debian-gcc