Last updated on 2025-04-30 19:49:58 CEST.
Flavor | Version | Tinstall | Tcheck | Ttotal | Status | Flags |
---|---|---|---|---|---|---|
r-devel-linux-x86_64-debian-clang | 0.1.6 | 46.61 | 47.17 | 93.78 | NOTE | |
r-devel-linux-x86_64-debian-gcc | 0.1.6 | 30.21 | 33.05 | 63.26 | NOTE | |
r-devel-linux-x86_64-fedora-clang | 0.1.6 | 168.96 | NOTE | |||
r-devel-linux-x86_64-fedora-gcc | 0.1.6 | 157.05 | NOTE | |||
r-devel-windows-x86_64 | 0.1.6 | 53.00 | 90.00 | 143.00 | NOTE | |
r-patched-linux-x86_64 | 0.1.6 | 41.90 | 45.14 | 87.04 | NOTE | |
r-release-linux-x86_64 | 0.1.6 | 43.66 | 45.06 | 88.72 | NOTE | |
r-release-macos-arm64 | 0.1.6 | 39.00 | NOTE | |||
r-release-macos-x86_64 | 0.1.6 | 62.00 | NOTE | |||
r-release-windows-x86_64 | 0.1.6 | 60.00 | 77.00 | 137.00 | NOTE | |
r-oldrel-macos-arm64 | 0.1.6 | 39.00 | NOTE | |||
r-oldrel-macos-x86_64 | 0.1.6 | 53.00 | NOTE | |||
r-oldrel-windows-x86_64 | 0.1.6 | 61.00 | 97.00 | 158.00 | NOTE |
Version: 0.1.6
Check: CRAN incoming feasibility
Result: NOTE
Maintainer: ‘Dominic Edelmann <dominic.edelmann@dkfz-heidelberg.de>’
The Description field contains
<arXiv:1808.07280>. Distance standard deviation methods (Edelmann, et
Please refer to arXiv e-prints via their arXiv DOI <doi:10.48550/arXiv.YYMM.NNNNN>.
Flavors: r-devel-linux-x86_64-debian-clang, r-devel-linux-x86_64-debian-gcc
Version: 0.1.6
Check: C++ specification
Result: NOTE
Specified C++11: please drop specification unless essential
Flavors: r-devel-linux-x86_64-debian-clang, r-devel-linux-x86_64-debian-gcc, r-devel-linux-x86_64-fedora-clang, r-devel-linux-x86_64-fedora-gcc, r-devel-windows-x86_64, r-patched-linux-x86_64, r-release-linux-x86_64, r-release-macos-arm64, r-release-macos-x86_64, r-release-windows-x86_64, r-oldrel-macos-arm64, r-oldrel-macos-x86_64, r-oldrel-windows-x86_64