CRAN Package Check Results for Package dc3net

Last updated on 2025-04-30 01:50:16 CEST.

Flavor Version Tinstall Tcheck Ttotal Status Flags
r-devel-linux-x86_64-debian-clang 1.2.0 4.15 45.01 49.16 NOTE
r-devel-linux-x86_64-debian-gcc 1.2.0 2.87 31.44 34.31 NOTE
r-devel-linux-x86_64-fedora-clang 1.2.0 74.60 OK
r-devel-linux-x86_64-fedora-gcc 1.2.0 66.46 OK
r-devel-windows-x86_64 1.2.0 6.00 67.00 73.00 OK
r-patched-linux-x86_64 1.2.0 4.69 42.47 47.16 OK
r-release-linux-x86_64 1.2.0 4.36 42.56 46.92 OK
r-release-macos-arm64 1.2.0 25.00 OK
r-release-macos-x86_64 1.2.0 60.00 OK
r-release-windows-x86_64 1.2.0 7.00 68.00 75.00 OK
r-oldrel-macos-arm64 1.2.0 23.00 OK
r-oldrel-macos-x86_64 1.2.0 34.00 OK
r-oldrel-windows-x86_64 1.2.0 8.00 69.00 77.00 OK

Check Details

Version: 1.2.0
Check: CRAN incoming feasibility
Result: NOTE Maintainer: ‘Gokmen Altay <altaylabs@gmail.com>’ No Authors@R field in DESCRIPTION. Please add one, modifying Authors@R: person(given = "Gokmen", family = "Altay", role = c("aut", "cre"), email = "altaylabs@gmail.com") as necessary. Flavors: r-devel-linux-x86_64-debian-clang, r-devel-linux-x86_64-debian-gcc