CRAN Package Check Results for Package datrProfile

Last updated on 2025-10-25 06:49:38 CEST.

Flavor Version Tinstall Tcheck Ttotal Status Flags
r-devel-linux-x86_64-debian-clang 0.1.0 1.75 25.52 27.27 OK
r-devel-linux-x86_64-debian-gcc 0.1.0 1.64 20.49 22.13 OK
r-devel-linux-x86_64-fedora-clang 0.1.0 41.52 OK
r-devel-linux-x86_64-fedora-gcc 0.1.0 38.64 OK
r-devel-windows-x86_64 0.1.0 4.00 45.00 49.00 OK
r-patched-linux-x86_64 0.1.0 2.25 23.72 25.97 OK
r-release-linux-x86_64 0.1.0 1.87 23.55 25.42 OK
r-release-macos-arm64 0.1.0 1.00 17.00 18.00 OK
r-release-macos-x86_64 0.1.0 2.00 26.00 28.00 OK
r-release-windows-x86_64 0.1.0 4.00 47.00 51.00 OK
r-oldrel-macos-arm64 0.1.0 1.00 18.00 19.00 NOTE
r-oldrel-macos-x86_64 0.1.0 2.00 22.00 24.00 NOTE
r-oldrel-windows-x86_64 0.1.0 6.00 59.00 65.00 NOTE

Check Details

Version: 0.1.0
Check: LazyData
Result: NOTE 'LazyData' is specified without a 'data' directory Flavors: r-oldrel-macos-arm64, r-oldrel-macos-x86_64, r-oldrel-windows-x86_64