Last updated on 2025-05-28 00:48:58 CEST.
Flavor | Version | Tinstall | Tcheck | Ttotal | Status | Flags |
---|---|---|---|---|---|---|
r-devel-linux-x86_64-debian-clang | 0.3.9 | 7.15 | 80.18 | 87.33 | OK | |
r-devel-linux-x86_64-debian-gcc | 0.3.9 | 4.28 | 58.91 | 63.19 | OK | |
r-devel-linux-x86_64-fedora-clang | 0.3.9 | 136.00 | NOTE | |||
r-devel-linux-x86_64-fedora-gcc | 0.3.9 | 146.11 | NOTE | |||
r-devel-windows-x86_64 | 0.3.9 | 11.00 | 121.00 | 132.00 | OK | |
r-patched-linux-x86_64 | 0.3.4 | 4.84 | 59.32 | 64.16 | OK | |
r-release-linux-x86_64 | 0.3.4 | 5.64 | 59.39 | 65.03 | OK | |
r-release-macos-arm64 | 0.3.9 | 48.00 | OK | |||
r-release-macos-x86_64 | 0.3.9 | 94.00 | OK | |||
r-release-windows-x86_64 | 0.3.9 | 9.00 | 112.00 | 121.00 | OK | |
r-oldrel-macos-arm64 | 0.3.9 | 53.00 | OK | |||
r-oldrel-macos-x86_64 | 0.3.9 | 96.00 | OK | |||
r-oldrel-windows-x86_64 | 0.3.4 | 9.00 | 100.00 | 109.00 | OK |
Version: 0.3.9
Check: dependencies in R code
Result: NOTE
Namespace in Imports field not imported from: ‘rlang’
All declared Imports should be used.
Flavors: r-devel-linux-x86_64-fedora-clang, r-devel-linux-x86_64-fedora-gcc