Last updated on 2025-04-30 13:54:12 CEST.
Flavor | Version | Tinstall | Tcheck | Ttotal | Status | Flags |
---|---|---|---|---|---|---|
r-devel-linux-x86_64-debian-clang | 0.1.0 | 4.73 | 45.72 | 50.45 | OK | |
r-devel-linux-x86_64-debian-gcc | 0.1.0 | 3.25 | 32.72 | 35.97 | OK | |
r-devel-linux-x86_64-fedora-clang | 0.1.0 | 85.06 | OK | |||
r-devel-linux-x86_64-fedora-gcc | 0.1.0 | 90.02 | OK | |||
r-devel-windows-x86_64 | 0.1.0 | 8.00 | 76.00 | 84.00 | OK | |
r-patched-linux-x86_64 | 0.1.0 | 4.66 | 42.92 | 47.58 | OK | |
r-release-linux-x86_64 | 0.1.0 | 4.11 | 43.16 | 47.27 | OK | |
r-release-macos-arm64 | 0.1.0 | 35.00 | OK | |||
r-release-macos-x86_64 | 0.1.0 | 47.00 | ERROR | |||
r-release-windows-x86_64 | 0.1.0 | 7.00 | 72.00 | 79.00 | OK | |
r-oldrel-macos-arm64 | 0.1.0 | 30.00 | OK | |||
r-oldrel-macos-x86_64 | 0.1.0 | 48.00 | OK | |||
r-oldrel-windows-x86_64 | 0.1.0 | 8.00 | 79.00 | 87.00 | OK |
Version: 0.1.0
Check: re-building of vignette outputs
Result: ERROR
Error(s) in re-building vignettes:
--- re-building ‘V1_dataSDA.Rmd’ using rmarkdown
Quitting from lines 21-29 [setup] (V1_dataSDA.Rmd)
Error: processing vignette 'V1_dataSDA.Rmd' failed with diagnostics:
there is no package called 'RSDA'
--- failed re-building ‘V1_dataSDA.Rmd’
SUMMARY: processing the following file failed:
‘V1_dataSDA.Rmd’
Error: Vignette re-building failed.
Execution halted
Flavor: r-release-macos-x86_64