Last updated on 2024-06-29 11:49:10 CEST.
Flavor | Version | Tinstall | Tcheck | Ttotal | Status | Flags |
---|---|---|---|---|---|---|
r-devel-linux-x86_64-debian-clang | 0.32 | 20.16 | 202.18 | 222.34 | OK | |
r-devel-linux-x86_64-debian-gcc | 1.0.0 | 16.27 | 153.49 | 169.76 | OK | |
r-devel-linux-x86_64-fedora-clang | 1.0.0 | 291.24 | OK | |||
r-devel-linux-x86_64-fedora-gcc | 1.0.0 | 267.01 | OK | |||
r-devel-windows-x86_64 | 1.0.0 | 24.00 | 170.00 | 194.00 | OK | |
r-patched-linux-x86_64 | 0.32 | 20.16 | 191.06 | 211.22 | OK | |
r-release-linux-x86_64 | 0.32 | 13.70 | 190.79 | 204.49 | OK | |
r-release-macos-arm64 | 1.0.0 | 80.00 | OK | |||
r-release-macos-x86_64 | 1.0.0 | 228.00 | OK | |||
r-release-windows-x86_64 | 0.32 | 20.00 | 148.00 | 168.00 | OK | |
r-oldrel-macos-arm64 | 1.0.0 | 86.00 | NOTE | |||
r-oldrel-macos-x86_64 | 1.0.0 | 154.00 | OK | |||
r-oldrel-windows-x86_64 | 1.0.0 | 28.00 | 205.00 | 233.00 | OK |
Version: 1.0.0
Check: package dependencies
Result: NOTE
Package suggested but not available for checking: ‘snpStats’
Flavor: r-oldrel-macos-arm64
Version: 1.0.0
Check: Rd cross-references
Result: NOTE
Package unavailable to check Rd xrefs: ‘snpStats’
Flavor: r-oldrel-macos-arm64