CRAN Package Check Results for Package dartR

Last updated on 2025-04-30 01:50:16 CEST.

Flavor Version Tinstall Tcheck Ttotal Status Flags
r-devel-linux-x86_64-debian-clang 2.9.9.5 80.52 599.37 679.89 NOTE
r-devel-linux-x86_64-debian-gcc 2.9.9.5 47.42 385.50 432.92 OK
r-devel-linux-x86_64-fedora-clang 2.9.9.5 1230.49 NOTE
r-devel-linux-x86_64-fedora-gcc 2.9.9.5 1056.52 NOTE
r-devel-windows-x86_64 2.9.9.5 76.00 584.00 660.00 OK
r-patched-linux-x86_64 2.9.9.5 82.84 576.60 659.44 OK
r-release-linux-x86_64 2.9.9.5 76.50 572.11 648.61 OK
r-release-macos-arm64 2.9.9.5 277.00 OK
r-release-macos-x86_64 2.9.9.5 318.00 OK
r-release-windows-x86_64 2.9.9.5 74.00 582.00 656.00 OK
r-oldrel-macos-arm64 2.9.9.5 218.00 NOTE
r-oldrel-macos-x86_64 2.9.9.5 320.00 NOTE
r-oldrel-windows-x86_64 2.9.9.5 103.00 788.00 891.00 NOTE

Additional issues

0len

Check Details

Version: 2.9.9.5
Check: examples
Result: NOTE Examples with CPU (user + system) or elapsed time > 5s user system elapsed gl.ld.distance 4.413 0.035 5.285 Flavor: r-devel-linux-x86_64-debian-clang

Version: 2.9.9.5
Check: dependencies in R code
Result: NOTE Namespace in Imports field not imported from: ‘foreach’ All declared Imports should be used. Flavors: r-devel-linux-x86_64-fedora-clang, r-devel-linux-x86_64-fedora-gcc

Version: 2.9.9.5
Check: installed package size
Result: NOTE installed size is 6.4Mb sub-directories of 1Mb or more: R 2.0Mb help 2.6Mb Flavors: r-oldrel-macos-arm64, r-oldrel-macos-x86_64, r-oldrel-windows-x86_64