CRAN Package Check Results for Package dagirlite

Last updated on 2025-02-22 14:53:36 CET.

Flavor Version Tinstall Tcheck Ttotal Status Flags
r-devel-linux-x86_64-debian-clang 0.1.0 1.96 24.21 26.17 OK
r-devel-linux-x86_64-debian-gcc 0.1.0 1.51 19.14 20.65 OK
r-devel-linux-x86_64-fedora-clang 0.1.0 40.69 NOTE
r-devel-linux-x86_64-fedora-gcc 0.1.0 38.44 NOTE
r-devel-macos-arm64 0.1.0 19.00 OK
r-devel-macos-x86_64 0.1.0 28.00 OK
r-devel-windows-x86_64 0.1.0 3.00 49.00 52.00 OK
r-patched-linux-x86_64 0.1.0 2.17 23.29 25.46 OK
r-release-linux-x86_64 0.1.0 1.98 23.13 25.11 OK
r-release-macos-arm64 0.1.0 18.00 OK
r-release-macos-x86_64 0.1.0 24.00 OK
r-release-windows-x86_64 0.1.0 3.00 45.00 48.00 OK
r-oldrel-macos-arm64 0.1.0 21.00 OK
r-oldrel-macos-x86_64 0.1.0 24.00 OK
r-oldrel-windows-x86_64 0.1.0 4.00 49.00 53.00 OK

Check Details

Version: 0.1.0
Check: dependencies in R code
Result: NOTE Namespace in Imports field not imported from: ‘knitr’ All declared Imports should be used. Flavors: r-devel-linux-x86_64-fedora-clang, r-devel-linux-x86_64-fedora-gcc