Last updated on 2024-07-22 20:55:40 CEST.
Flavor | Version | Tinstall | Tcheck | Ttotal | Status | Flags |
---|---|---|---|---|---|---|
r-devel-linux-x86_64-debian-clang | 3.2.28 | 17.38 | 157.04 | 174.42 | OK | |
r-devel-linux-x86_64-debian-gcc | 3.2.28 | 12.06 | 115.59 | 127.65 | NOTE | |
r-devel-linux-x86_64-fedora-clang | 3.2.28 | 217.26 | OK | |||
r-devel-linux-x86_64-fedora-gcc | 3.2.28 | 214.85 | OK | |||
r-devel-windows-x86_64 | 3.2.28 | 17.00 | 155.00 | 172.00 | NOTE | |
r-patched-linux-x86_64 | 3.2.28 | 28.10 | 148.99 | 177.09 | OK | |
r-release-linux-x86_64 | 3.2.28 | 14.00 | 148.86 | 162.86 | OK | |
r-release-macos-arm64 | 3.2.28 | 57.00 | OK | |||
r-release-macos-x86_64 | 3.2.28 | 112.00 | OK | |||
r-release-windows-x86_64 | 3.2.28 | 17.00 | 153.00 | 170.00 | OK | |
r-oldrel-macos-arm64 | 3.2.28 | 61.00 | OK | |||
r-oldrel-macos-x86_64 | 3.2.28 | 118.00 | OK | |||
r-oldrel-windows-x86_64 | 3.2.28 | 22.00 | 180.00 | 202.00 | OK |
Version: 3.2.28
Check: Rd cross-references
Result: NOTE
Found the following Rd file(s) with Rd \link{} targets missing package
anchors:
designGGPlot.Rd: labellers, ggplot, geom_text
designPlotlabels.Rd: ggplot, geom_text
interaction.ABC.plot.Rd: ggplot
Please provide package anchors for all Rd \link{} targets not in the
package itself and the base packages.
Flavors: r-devel-linux-x86_64-debian-gcc, r-devel-windows-x86_64