Last updated on 2024-08-24 16:48:57 CEST.
Flavor | Version | Tinstall | Tcheck | Ttotal | Status | Flags |
---|---|---|---|---|---|---|
r-devel-linux-x86_64-debian-clang | 0.1.0 | 3.87 | 67.55 | 71.42 | NOTE | |
r-devel-linux-x86_64-debian-gcc | 0.1.0 | 3.05 | 47.11 | 50.16 | NOTE | |
r-devel-linux-x86_64-fedora-clang | 0.1.0 | 118.35 | NOTE | |||
r-devel-linux-x86_64-fedora-gcc | 0.1.0 | 130.35 | NOTE | |||
r-devel-windows-x86_64 | 0.1.0 | 6.00 | 77.00 | 83.00 | NOTE | |
r-patched-linux-x86_64 | 0.1.0 | 7.48 | 64.24 | 71.72 | NOTE | |
r-release-linux-x86_64 | 0.1.0 | 3.99 | 63.99 | 67.98 | NOTE | |
r-release-macos-arm64 | 0.1.0 | 41.00 | NOTE | |||
r-release-macos-x86_64 | 0.1.0 | 61.00 | NOTE | |||
r-release-windows-x86_64 | 0.1.0 | 7.00 | 76.00 | 83.00 | NOTE | |
r-oldrel-macos-arm64 | 0.1.0 | 40.00 | NOTE | |||
r-oldrel-macos-x86_64 | 0.1.0 | 68.00 | NOTE | |||
r-oldrel-windows-x86_64 | 0.1.0 | 7.00 | 91.00 | 98.00 | NOTE |
Version: 0.1.0
Check: Rd cross-references
Result: NOTE
Found the following Rd file(s) with Rd \link{} targets missing package
anchors:
geom_fan.Rd: aes, aes_, ggplot, fortify, borders, layer
Please provide package anchors for all Rd \link{} targets not in the
package itself and the base packages.
Flavors: r-devel-linux-x86_64-debian-clang, r-devel-linux-x86_64-debian-gcc, r-devel-windows-x86_64
Version: 0.1.0
Check: LazyData
Result: NOTE
'LazyData' is specified without a 'data' directory
Flavors: r-devel-linux-x86_64-debian-clang, r-devel-linux-x86_64-debian-gcc, r-devel-linux-x86_64-fedora-clang, r-devel-linux-x86_64-fedora-gcc, r-devel-windows-x86_64, r-patched-linux-x86_64, r-release-linux-x86_64, r-release-macos-arm64, r-release-macos-x86_64, r-release-windows-x86_64, r-oldrel-macos-arm64, r-oldrel-macos-x86_64, r-oldrel-windows-x86_64