Last updated on 2024-06-29 11:49:10 CEST.
Flavor | Version | Tinstall | Tcheck | Ttotal | Status | Flags |
---|---|---|---|---|---|---|
r-devel-linux-x86_64-debian-clang | 0.2.0 | 24.65 | 209.60 | 234.25 | NOTE | |
r-devel-linux-x86_64-debian-gcc | 0.2.0 | 21.81 | 150.41 | 172.22 | NOTE | |
r-devel-linux-x86_64-fedora-clang | 0.2.0 | 291.15 | NOTE | |||
r-devel-linux-x86_64-fedora-gcc | 0.2.0 | 291.98 | NOTE | |||
r-devel-windows-x86_64 | 0.2.0 | 23.00 | 168.00 | 191.00 | NOTE | |
r-patched-linux-x86_64 | 0.2.0 | 32.13 | 196.48 | 228.61 | NOTE | |
r-release-linux-x86_64 | 0.2.0 | 19.16 | 202.70 | 221.86 | NOTE | |
r-release-macos-arm64 | 0.2.0 | 77.00 | NOTE | |||
r-release-macos-x86_64 | 0.2.0 | 118.00 | NOTE | |||
r-release-windows-x86_64 | 0.2.0 | 24.00 | 169.00 | 193.00 | NOTE | |
r-oldrel-macos-arm64 | 0.2.0 | 80.00 | OK | |||
r-oldrel-macos-x86_64 | 0.2.0 | 137.00 | OK | |||
r-oldrel-windows-x86_64 | 0.2.0 | 31.00 | 213.00 | 244.00 | OK |
Version: 0.2.0
Check: Rd files
Result: NOTE
checkRd: (-1) gammamix.Rd:47-48: Lost braces in \itemize; \value handles \item{}{} directly
checkRd: (-1) gammamix.Rd:49-51: Lost braces in \itemize; \value handles \item{}{} directly
checkRd: (-1) gammamix.Rd:52-53: Lost braces in \itemize; \value handles \item{}{} directly
checkRd: (-1) gammamix.Rd:54-55: Lost braces in \itemize; \value handles \item{}{} directly
checkRd: (-1) joint.Rd:41-42: Lost braces in \itemize; \value handles \item{}{} directly
checkRd: (-1) joint.Rd:43-45: Lost braces in \itemize; \value handles \item{}{} directly
checkRd: (-1) joint.Rd:46-47: Lost braces in \itemize; \value handles \item{}{} directly
checkRd: (-1) lnormmix.Rd:44-45: Lost braces in \itemize; \value handles \item{}{} directly
checkRd: (-1) lnormmix.Rd:46-48: Lost braces in \itemize; \value handles \item{}{} directly
checkRd: (-1) lnormmix.Rd:49-50: Lost braces in \itemize; \value handles \item{}{} directly
checkRd: (-1) lnormmix.Rd:51-52: Lost braces in \itemize; \value handles \item{}{} directly
checkRd: (-1) normmix.Rd:43-44: Lost braces in \itemize; \value handles \item{}{} directly
checkRd: (-1) normmix.Rd:45-47: Lost braces in \itemize; \value handles \item{}{} directly
checkRd: (-1) normmix.Rd:48-49: Lost braces in \itemize; \value handles \item{}{} directly
checkRd: (-1) normmix.Rd:50-51: Lost braces in \itemize; \value handles \item{}{} directly
checkRd: (-1) plot_joint_box.Rd:61: Lost braces
61 | and step lengths (code{x}).
| ^
checkRd: (-1) vonmisesmix.Rd:40-41: Lost braces in \itemize; \value handles \item{}{} directly
checkRd: (-1) vonmisesmix.Rd:42-44: Lost braces in \itemize; \value handles \item{}{} directly
checkRd: (-1) vonmisesmix.Rd:45-46: Lost braces in \itemize; \value handles \item{}{} directly
checkRd: (-1) vonmisesmix.Rd:47-48: Lost braces in \itemize; \value handles \item{}{} directly
checkRd: (-1) weibullmix.Rd:44-45: Lost braces in \itemize; \value handles \item{}{} directly
checkRd: (-1) weibullmix.Rd:46-48: Lost braces in \itemize; \value handles \item{}{} directly
checkRd: (-1) weibullmix.Rd:49-50: Lost braces in \itemize; \value handles \item{}{} directly
checkRd: (-1) weibullmix.Rd:51-52: Lost braces in \itemize; \value handles \item{}{} directly
checkRd: (-1) wrappedcauchy.Rd:43-44: Lost braces in \itemize; \value handles \item{}{} directly
checkRd: (-1) wrappedcauchy.Rd:45-47: Lost braces in \itemize; \value handles \item{}{} directly
checkRd: (-1) wrappedcauchy.Rd:48-49: Lost braces in \itemize; \value handles \item{}{} directly
checkRd: (-1) wrappedcauchy.Rd:50-51: Lost braces in \itemize; \value handles \item{}{} directly
Flavors: r-devel-linux-x86_64-debian-clang, r-devel-linux-x86_64-debian-gcc, r-devel-linux-x86_64-fedora-clang, r-devel-linux-x86_64-fedora-gcc, r-devel-windows-x86_64, r-patched-linux-x86_64, r-release-linux-x86_64, r-release-macos-arm64, r-release-macos-x86_64, r-release-windows-x86_64