Last updated on 2024-07-02 01:57:06 CEST.
Flavor | Version | Tinstall | Tcheck | Ttotal | Status | Flags |
---|---|---|---|---|---|---|
r-devel-linux-x86_64-debian-clang | 1.0.42 | 8.27 | 59.06 | 67.33 | OK | |
r-devel-linux-x86_64-debian-gcc | 1.0.42 | 6.04 | 44.51 | 50.55 | OK | |
r-devel-linux-x86_64-fedora-clang | 1.0.42 | 82.26 | NOTE | |||
r-devel-linux-x86_64-fedora-gcc | 1.0.42 | 90.26 | OK | |||
r-devel-windows-x86_64 | 1.0.42 | 8.00 | 67.00 | 75.00 | NOTE | |
r-patched-linux-x86_64 | 1.0.42 | 7.37 | 56.72 | 64.09 | OK | |
r-release-linux-x86_64 | 1.0.42 | 7.20 | 54.91 | 62.11 | OK | |
r-release-macos-arm64 | 1.0.42 | 34.00 | NOTE | |||
r-release-macos-x86_64 | 1.0.42 | 51.00 | NOTE | |||
r-release-windows-x86_64 | 1.0.42 | 11.00 | 73.00 | 84.00 | NOTE | |
r-oldrel-macos-arm64 | 1.0.42 | 37.00 | NOTE | |||
r-oldrel-macos-x86_64 | 1.0.42 | 46.00 | NOTE | |||
r-oldrel-windows-x86_64 | 1.0.42 | 12.00 | 75.00 | 87.00 | NOTE |
Version: 1.0.42
Check: installed package size
Result: NOTE
installed size is 5.9Mb
sub-directories of 1Mb or more:
docs 1.0Mb
extdata 1.4Mb
htmlwidgets 1.5Mb
Flavors: r-devel-linux-x86_64-fedora-clang, r-devel-windows-x86_64, r-release-macos-arm64, r-release-macos-x86_64, r-release-windows-x86_64, r-oldrel-macos-arm64, r-oldrel-macos-x86_64, r-oldrel-windows-x86_64