Last updated on 2024-06-29 11:49:10 CEST.
Flavor | Version | Tinstall | Tcheck | Ttotal | Status | Flags |
---|---|---|---|---|---|---|
r-devel-linux-x86_64-debian-clang | 1.1.0 | 16.36 | 221.42 | 237.78 | OK | |
r-devel-linux-x86_64-debian-gcc | 1.1.0 | 10.61 | 152.53 | 163.14 | OK | |
r-devel-linux-x86_64-fedora-clang | 1.1.0 | 279.58 | OK | |||
r-devel-linux-x86_64-fedora-gcc | 1.1.0 | 296.18 | OK | |||
r-devel-windows-x86_64 | 1.1.0 | 20.00 | 166.00 | 186.00 | OK | |
r-patched-linux-x86_64 | 1.1.0 | 17.10 | 210.20 | 227.30 | OK | |
r-release-linux-x86_64 | 1.1.0 | 9.94 | 211.02 | 220.96 | OK | |
r-release-macos-arm64 | 1.1.0 | 79.00 | OK | |||
r-release-macos-x86_64 | 1.1.0 | 182.00 | OK | |||
r-release-windows-x86_64 | 1.1.0 | 20.00 | 164.00 | 184.00 | OK | |
r-oldrel-macos-arm64 | 1.1.0 | 97.00 | ERROR | |||
r-oldrel-macos-x86_64 | 1.1.0 | 195.00 | ERROR | |||
r-oldrel-windows-x86_64 | 1.1.0 | 22.00 | 210.00 | 232.00 | OK |
Version: 1.1.0
Check: running R code from vignettes
Result: ERROR
Errors in running code in vignettes:
when running code in ‘cvasi-1-manual.Rmd’
...
1 <DebAbj> 1.16 1.71
> testthat::expect_equal(mydeb %>% set_endpoints("L") %>%
+ epx(ep_only = TRUE) %>% unlist(), c(1.162598, 1.711914),
+ ignore_attr = TRUE, t .... [TRUNCATED]
When sourcing ‘cvasi-1-manual.R’:
Error: mydeb %>% set_endpoints("L") %>% epx(ep_only = TRUE) %>% unlist() not equal to c(1.162598, 1.711914).
names for target but not for current
Execution halted
‘cvasi-1-manual.Rmd’ using ‘UTF-8’... failed
‘cvasi-2-howto.Rmd’ using ‘UTF-8’... [6s/7s] OK
Flavor: r-oldrel-macos-arm64
Version: 1.1.0
Check: running R code from vignettes
Result: ERROR
Errors in running code in vignettes:
when running code in ‘cvasi-1-manual.Rmd’
...
1 <DebAbj> 1.16 1.71
> testthat::expect_equal(mydeb %>% set_endpoints("L") %>%
+ epx(ep_only = TRUE) %>% unlist(), c(1.162598, 1.711914),
+ ignore_attr = TRUE, t .... [TRUNCATED]
When sourcing ‘cvasi-1-manual.R’:
Error: mydeb %>% set_endpoints("L") %>% epx(ep_only = TRUE) %>% unlist() not equal to c(1.162598, 1.711914).
names for target but not for current
Execution halted
‘cvasi-1-manual.Rmd’ using ‘UTF-8’... failed
‘cvasi-2-howto.Rmd’ using ‘UTF-8’... [23s/33s] OK
Flavor: r-oldrel-macos-x86_64