Last updated on 2024-06-29 11:49:10 CEST.
Flavor | Version | Tinstall | Tcheck | Ttotal | Status | Flags |
---|---|---|---|---|---|---|
r-devel-linux-x86_64-debian-clang | 1.1.2 | 66.97 | 375.53 | 442.50 | NOTE | |
r-devel-linux-x86_64-debian-gcc | 1.1.2 | 39.88 | 267.71 | 307.59 | NOTE | |
r-devel-linux-x86_64-fedora-clang | 1.1.2 | 542.27 | NOTE | |||
r-devel-linux-x86_64-fedora-gcc | 1.1.2 | 560.38 | NOTE | |||
r-devel-windows-x86_64 | 1.1.2 | 52.00 | 329.00 | 381.00 | NOTE | |
r-patched-linux-x86_64 | 1.1.2 | 50.08 | 349.97 | 400.05 | NOTE | |
r-release-linux-x86_64 | 1.1.2 | 39.23 | 358.58 | 397.81 | NOTE | |
r-release-macos-arm64 | 1.1.2 | 156.00 | NOTE | |||
r-release-macos-x86_64 | 1.1.2 | 250.00 | NOTE | |||
r-release-windows-x86_64 | 1.1.2 | 51.00 | 331.00 | 382.00 | NOTE | |
r-oldrel-macos-arm64 | 1.1.2 | 176.00 | NOTE | |||
r-oldrel-macos-x86_64 | 1.1.2 | 317.00 | NOTE | |||
r-oldrel-windows-x86_64 | 1.1.2 | 62.00 | 459.00 | 521.00 | NOTE |
Version: 1.1.2
Check: package subdirectories
Result: NOTE
Problems with news in ‘NEWS.md’:
Cannot extract version info from the following section titles:
Misc
Flavors: r-devel-linux-x86_64-debian-clang, r-devel-linux-x86_64-debian-gcc, r-devel-linux-x86_64-fedora-clang, r-devel-linux-x86_64-fedora-gcc, r-devel-windows-x86_64, r-patched-linux-x86_64, r-release-linux-x86_64, r-release-macos-arm64, r-release-macos-x86_64, r-release-windows-x86_64, r-oldrel-macos-arm64, r-oldrel-macos-x86_64, r-oldrel-windows-x86_64
Version: 1.1.2
Check: Rd files
Result: NOTE
checkRd: (-1) abs_d_ppv_npv.Rd:27: Escaped LaTeX specials: \_ \_ \_
Flavors: r-devel-linux-x86_64-debian-clang, r-devel-linux-x86_64-debian-gcc, r-devel-linux-x86_64-fedora-clang, r-devel-linux-x86_64-fedora-gcc, r-devel-windows-x86_64, r-patched-linux-x86_64, r-release-linux-x86_64, r-release-macos-arm64, r-release-macos-x86_64, r-release-windows-x86_64, r-oldrel-macos-arm64, r-oldrel-macos-x86_64, r-oldrel-windows-x86_64