Last updated on 2024-06-29 23:49:49 CEST.
Flavor | Version | Tinstall | Tcheck | Ttotal | Status | Flags |
---|---|---|---|---|---|---|
r-devel-linux-x86_64-debian-clang | 2.1.0 | 48.56 | 249.34 | 297.90 | NOTE | |
r-devel-linux-x86_64-debian-gcc | 2.1.0 | 33.93 | 159.05 | 192.98 | NOTE | |
r-devel-linux-x86_64-fedora-clang | 2.1.0 | 368.99 | NOTE | |||
r-devel-linux-x86_64-fedora-gcc | 2.1.0 | 381.32 | NOTE | |||
r-devel-windows-x86_64 | 2.1.0 | 37.00 | 170.00 | 207.00 | NOTE | |
r-patched-linux-x86_64 | 2.1.0 | 40.81 | 229.42 | 270.23 | NOTE | |
r-release-linux-x86_64 | 2.1.0 | 45.55 | 236.25 | 281.80 | NOTE | |
r-release-macos-arm64 | 2.1.0 | 82.00 | ERROR | |||
r-release-macos-x86_64 | 2.1.0 | 150.00 | NOTE | |||
r-release-windows-x86_64 | 2.1.0 | 39.00 | 167.00 | 206.00 | NOTE | |
r-oldrel-macos-arm64 | 2.1.0 | 123.00 | OK | |||
r-oldrel-macos-x86_64 | 2.1.0 | 359.00 | OK | |||
r-oldrel-windows-x86_64 | 2.1.0 | 46.00 | 221.00 | 267.00 | OK |
Version: 2.1.0
Check: Rd files
Result: NOTE
checkRd: (-1) cubintegrate.Rd:67: Lost braces; missing escapes or markup?
67 | evaluated} - {returnCode}{the actual integer return code
| ^
checkRd: (-1) cubintegrate.Rd:67-69: Lost braces
67 | evaluated} - {returnCode}{the actual integer return code
| ^
Flavors: r-devel-linux-x86_64-debian-clang, r-devel-linux-x86_64-debian-gcc, r-devel-linux-x86_64-fedora-clang, r-devel-linux-x86_64-fedora-gcc, r-devel-windows-x86_64, r-patched-linux-x86_64, r-release-linux-x86_64, r-release-macos-arm64, r-release-macos-x86_64, r-release-windows-x86_64
Version: 2.1.0
Check: tests
Result: ERROR
Running ‘testthat.R’ [0s/0s]
Running the tests in ‘tests/testthat.R’ failed.
Complete output:
> library(testthat)
Error: package or namespace load failed for 'testthat' in loadNamespace(j <- i[[1L]], c(lib.loc, .libPaths()), versionCheck = vI[[j]]):
there is no package called 'brio'
Execution halted
Flavor: r-release-macos-arm64