CRAN Package Check Results for Package ctsem

Last updated on 2025-04-30 01:50:16 CEST.

Flavor Version Tinstall Tcheck Ttotal Status Flags
r-devel-linux-x86_64-debian-clang 3.10.2 1200.01 408.16 1608.17 NOTE
r-devel-linux-x86_64-debian-gcc 3.10.2 932.56 302.19 1234.75 OK
r-devel-linux-x86_64-fedora-clang 3.10.2 2143.60 NOTE
r-devel-linux-x86_64-fedora-gcc 3.10.2 2825.84 NOTE
r-devel-windows-x86_64 3.10.2 1051.00 411.00 1462.00 OK --no-vignettes
r-patched-linux-x86_64 3.10.2 1249.24 453.02 1702.26 OK
r-release-linux-x86_64 3.10.2 1284.64 438.59 1723.23 OK
r-release-macos-arm64 3.10.2 547.00 OK
r-release-windows-x86_64 3.10.2 1040.00 405.00 1445.00 OK --no-vignettes
r-oldrel-macos-arm64 3.10.2 323.00 NOTE
r-oldrel-windows-x86_64 3.10.2 1070.00 469.00 1539.00 NOTE --no-vignettes

Check Details

Version: 3.10.2
Check: examples
Result: NOTE Examples with CPU (user + system) or elapsed time > 5s user system elapsed ctPostPredPlots 6.587 0.119 9.195 ctPredictTIP 4.277 0.049 5.773 Flavor: r-devel-linux-x86_64-debian-clang

Version: 3.10.2
Check: dependencies in R code
Result: NOTE Namespaces in Imports field not imported from: ‘rstantools’ ‘statmod’ All declared Imports should be used. Flavors: r-devel-linux-x86_64-fedora-clang, r-devel-linux-x86_64-fedora-gcc

Version: 3.10.2
Check: installed package size
Result: NOTE installed size is 201.7Mb sub-directories of 1Mb or more: R 2.0Mb data 1.7Mb libs 196.6Mb Flavor: r-oldrel-macos-arm64

Version: 3.10.2
Check: for GNU extensions in Makefiles
Result: NOTE GNU make is a SystemRequirements. Flavor: r-oldrel-macos-arm64

Version: 3.10.2
Flags: --no-vignettes
Check: installed package size
Result: NOTE installed size is 11.7Mb sub-directories of 1Mb or more: R 1.2Mb data 1.7Mb libs 7.5Mb Flavor: r-oldrel-windows-x86_64