Last updated on 2024-08-24 16:48:57 CEST.
Flavor | Version | Tinstall | Tcheck | Ttotal | Status | Flags |
---|---|---|---|---|---|---|
r-devel-linux-x86_64-debian-clang | 1.0.5 | 13.65 | 151.22 | 164.87 | OK | |
r-devel-linux-x86_64-debian-gcc | 1.0.5 | 9.11 | 105.13 | 114.24 | OK | |
r-devel-linux-x86_64-fedora-clang | 1.0.5 | 271.68 | NOTE | |||
r-devel-linux-x86_64-fedora-gcc | 1.0.5 | 289.88 | NOTE | |||
r-devel-windows-x86_64 | 1.0.5 | 17.00 | 171.00 | 188.00 | OK | |
r-patched-linux-x86_64 | 1.0.5 | 12.78 | 148.44 | 161.22 | OK | |
r-release-linux-x86_64 | 1.0.5 | 13.18 | 146.10 | 159.28 | OK | |
r-release-macos-arm64 | 1.0.5 | 122.00 | NOTE | |||
r-release-macos-x86_64 | 1.0.5 | 164.00 | NOTE | |||
r-release-windows-x86_64 | 1.0.5 | 19.00 | 171.00 | 190.00 | OK | |
r-oldrel-macos-arm64 | 1.0.5 | 138.00 | NOTE | |||
r-oldrel-macos-x86_64 | 1.0.5 | 210.00 | NOTE | |||
r-oldrel-windows-x86_64 | 1.0.5 | 23.00 | 230.00 | 253.00 | NOTE |
Version: 1.0.5
Check: package dependencies
Result: NOTE
Package suggested but not available for checking: ‘EnsDb.Hsapiens.v86’
Flavors: r-devel-linux-x86_64-fedora-clang, r-devel-linux-x86_64-fedora-gcc, r-release-macos-arm64, r-release-macos-x86_64, r-oldrel-macos-arm64, r-oldrel-macos-x86_64, r-oldrel-windows-x86_64