CRAN Package Check Results for Package crossrun

Last updated on 2025-04-29 13:51:20 CEST.

Flavor Version Tinstall Tcheck Ttotal Status Flags
r-devel-linux-x86_64-debian-clang 0.1.1 3.98 95.38 99.36 NOTE
r-devel-linux-x86_64-debian-gcc 0.1.1 2.74 55.29 58.03 NOTE
r-devel-linux-x86_64-fedora-clang 0.1.1 155.03 OK
r-devel-linux-x86_64-fedora-gcc 0.1.1 167.16 OK
r-devel-windows-x86_64 0.1.1 5.00 98.00 103.00 OK
r-patched-linux-x86_64 0.1.1 4.10 89.84 93.94 OK
r-release-linux-x86_64 0.1.1 3.68 90.08 93.76 OK
r-release-macos-arm64 0.1.1 51.00 OK
r-release-macos-x86_64 0.1.1 94.00 OK
r-release-windows-x86_64 0.1.1 4.00 100.00 104.00 OK
r-oldrel-macos-arm64 0.1.1 41.00 OK
r-oldrel-macos-x86_64 0.1.1 72.00 OK
r-oldrel-windows-x86_64 0.1.1 6.00 125.00 131.00 OK

Check Details

Version: 0.1.1
Check: examples
Result: NOTE Examples with CPU (user + system) or elapsed time > 5s user system elapsed crossrunem 7.71 0.004 8.413 Flavor: r-devel-linux-x86_64-debian-clang

Version: 0.1.1
Check: examples
Result: NOTE Examples with CPU (user + system) or elapsed time > 5s user system elapsed crossrunem 4.268 0.002 5.525 Flavor: r-devel-linux-x86_64-debian-gcc