Last updated on 2025-02-20 13:50:36 CET.
Flavor | Version | Tinstall | Tcheck | Ttotal | Status | Flags |
---|---|---|---|---|---|---|
r-devel-linux-x86_64-debian-clang | 0.5.1 | 3.11 | 35.98 | 39.09 | OK | |
r-devel-linux-x86_64-debian-gcc | 0.5.1 | 2.47 | 26.71 | 29.18 | OK | |
r-devel-linux-x86_64-fedora-clang | 0.5.1 | 64.55 | OK | |||
r-devel-linux-x86_64-fedora-gcc | 0.5.1 | 59.24 | OK | |||
r-devel-macos-arm64 | 0.5.1 | 24.00 | OK | |||
r-devel-macos-x86_64 | 0.5.1 | 41.00 | OK | |||
r-devel-windows-x86_64 | 0.5.1 | 5.00 | 66.00 | 71.00 | OK | |
r-patched-linux-x86_64 | 0.5.1 | 2.88 | 33.64 | 36.52 | OK | |
r-release-linux-x86_64 | 0.5.1 | 2.25 | 34.70 | 36.95 | OK | |
r-release-macos-arm64 | 0.5.1 | 24.00 | OK | |||
r-release-macos-x86_64 | 0.5.1 | 33.00 | OK | |||
r-release-windows-x86_64 | 0.5.1 | 4.00 | 3.00 | 7.00 | FAIL | |
r-oldrel-macos-arm64 | 0.5.1 | 24.00 | OK | |||
r-oldrel-macos-x86_64 | 0.5.1 | 34.00 | OK | |||
r-oldrel-windows-x86_64 | 0.5.1 | 7.00 | 91.00 | 98.00 | OK |
Version: 0.5.1
Check: package dependencies
Result: FAIL
Flavor: r-release-windows-x86_64