CRAN Package Check Results for Package coxphSGD

Last updated on 2025-05-01 08:52:30 CEST.

Flavor Version Tinstall Tcheck Ttotal Status Flags
r-devel-linux-x86_64-debian-clang 0.2.1 6.20 54.58 60.78 NOTE
r-devel-linux-x86_64-debian-gcc 0.2.1 4.51 39.98 44.49 OK
r-devel-linux-x86_64-fedora-clang 0.2.1 94.23 OK
r-devel-linux-x86_64-fedora-gcc 0.2.1 89.81 OK
r-devel-windows-x86_64 0.2.1 7.00 75.00 82.00 OK
r-patched-linux-x86_64 0.2.1 5.93 52.36 58.29 OK
r-release-linux-x86_64 OK
r-release-macos-arm64 0.2.1 33.00 OK
r-release-macos-x86_64 0.2.1 53.00 OK
r-release-windows-x86_64 0.2.1 7.00 80.00 87.00 OK
r-oldrel-macos-arm64 0.2.1 34.00 OK
r-oldrel-macos-x86_64 0.2.1 52.00 OK
r-oldrel-windows-x86_64 0.2.1 7.00 81.00 88.00 OK

Check Details

Version: 0.2.1
Check: examples
Result: NOTE Examples with CPU (user + system) or elapsed time > 5s user system elapsed coxphSGD 4.738 0.168 7.153 Flavor: r-devel-linux-x86_64-debian-clang