Last updated on 2024-06-29 11:49:10 CEST.
Flavor | Version | Tinstall | Tcheck | Ttotal | Status | Flags |
---|---|---|---|---|---|---|
r-devel-linux-x86_64-debian-clang | 0.1.0 | 79.27 | 56.18 | 135.45 | OK | |
r-devel-linux-x86_64-debian-gcc | 0.1.0 | 69.43 | 42.93 | 112.36 | OK | |
r-devel-linux-x86_64-fedora-clang | 0.1.0 | 178.77 | NOTE | |||
r-devel-linux-x86_64-fedora-gcc | 0.1.0 | 180.78 | NOTE | |||
r-devel-windows-x86_64 | 0.1.0 | 66.00 | 63.00 | 129.00 | OK | |
r-patched-linux-x86_64 | 0.1.0 | 69.60 | 52.07 | 121.67 | OK | |
r-release-linux-x86_64 | 0.1.0 | 58.03 | 52.82 | 110.85 | OK | |
r-release-macos-arm64 | 0.1.0 | 70.00 | NOTE | |||
r-release-macos-x86_64 | 0.1.0 | 84.00 | NOTE | |||
r-release-windows-x86_64 | 0.1.0 | 70.00 | 63.00 | 133.00 | OK | |
r-oldrel-macos-arm64 | 0.1.0 | 81.00 | NOTE | |||
r-oldrel-macos-x86_64 | 0.1.0 | 115.00 | NOTE | |||
r-oldrel-windows-x86_64 | 0.1.0 | 86.00 | 70.00 | 156.00 | OK |
Version: 0.1.0
Check: data for non-ASCII characters
Result: NOTE
Note: found 1934235 marked UTF-8 strings
Flavors: r-devel-linux-x86_64-fedora-clang, r-devel-linux-x86_64-fedora-gcc
Version: 0.1.0
Check: installed package size
Result: NOTE
installed size is 5.6Mb
sub-directories of 1Mb or more:
data 5.5Mb
Flavors: r-release-macos-arm64, r-release-macos-x86_64, r-oldrel-macos-arm64, r-oldrel-macos-x86_64