Last updated on 2024-06-29 11:49:10 CEST.
Flavor | Version | Tinstall | Tcheck | Ttotal | Status | Flags |
---|---|---|---|---|---|---|
r-devel-linux-x86_64-debian-clang | 0.1.8 | 6.01 | 73.79 | 79.80 | OK | |
r-devel-linux-x86_64-debian-gcc | 0.1.8 | 4.74 | 57.65 | 62.39 | OK | |
r-devel-linux-x86_64-fedora-clang | 0.1.8 | 99.29 | NOTE | |||
r-devel-linux-x86_64-fedora-gcc | 0.1.8 | 98.44 | NOTE | |||
r-devel-windows-x86_64 | 0.1.8 | 7.00 | 85.00 | 92.00 | OK | |
r-patched-linux-x86_64 | 0.1.8 | 5.48 | 69.59 | 75.07 | OK | |
r-release-linux-x86_64 | 0.1.8 | 4.40 | 71.23 | 75.63 | OK | |
r-release-macos-arm64 | 0.1.8 | 50.00 | OK | |||
r-release-macos-x86_64 | 0.1.8 | 67.00 | OK | |||
r-release-windows-x86_64 | 0.1.8 | 6.00 | 83.00 | 89.00 | OK | |
r-oldrel-macos-arm64 | 0.1.8 | 52.00 | OK | |||
r-oldrel-macos-x86_64 | 0.1.8 | 76.00 | OK | |||
r-oldrel-windows-x86_64 | 0.1.8 | 8.00 | 94.00 | 102.00 | OK |
Version: 0.1.8
Check: data for non-ASCII characters
Result: NOTE
Note: found 2385 marked UTF-8 strings
Flavors: r-devel-linux-x86_64-fedora-clang, r-devel-linux-x86_64-fedora-gcc