Last updated on 2024-06-29 11:49:10 CEST.
Flavor | Version | Tinstall | Tcheck | Ttotal | Status | Flags |
---|---|---|---|---|---|---|
r-devel-linux-x86_64-debian-clang | 1.0.1 | 43.19 | 123.90 | 167.09 | NOTE | |
r-devel-linux-x86_64-debian-gcc | 1.0.1 | 31.26 | 219.05 | 250.31 | NOTE | |
r-devel-linux-x86_64-fedora-clang | 1.0.1 | 289.05 | NOTE | |||
r-devel-linux-x86_64-fedora-gcc | 1.0.1 | 296.40 | NOTE | |||
r-devel-windows-x86_64 | 1.0.1 | 37.00 | 118.00 | 155.00 | NOTE | |
r-patched-linux-x86_64 | 1.0.1 | 40.21 | 244.06 | 284.27 | NOTE | |
r-release-linux-x86_64 | 1.0.1 | 35.98 | 257.39 | 293.37 | NOTE | |
r-release-macos-arm64 | 1.0.1 | 55.00 | NOTE | |||
r-release-macos-x86_64 | 1.0.1 | 78.00 | NOTE | |||
r-release-windows-x86_64 | 1.0.1 | 38.00 | 116.00 | 154.00 | NOTE | |
r-oldrel-macos-arm64 | 1.0.1 | 65.00 | NOTE | |||
r-oldrel-macos-x86_64 | 1.0.1 | 94.00 | NOTE | |||
r-oldrel-windows-x86_64 | 1.0.1 | 45.00 | 141.00 | 186.00 | NOTE |
Version: 1.0.1
Check: C++ specification
Result: NOTE
Specified C++11: please drop specification unless essential
Flavors: r-devel-linux-x86_64-debian-clang, r-devel-linux-x86_64-debian-gcc, r-devel-linux-x86_64-fedora-clang, r-devel-linux-x86_64-fedora-gcc, r-devel-windows-x86_64, r-patched-linux-x86_64, r-release-linux-x86_64, r-release-macos-arm64, r-release-macos-x86_64, r-release-windows-x86_64, r-oldrel-macos-arm64, r-oldrel-macos-x86_64, r-oldrel-windows-x86_64