Last updated on 2024-06-29 11:49:09 CEST.
Flavor | Version | Tinstall | Tcheck | Ttotal | Status | Flags |
---|---|---|---|---|---|---|
r-devel-linux-x86_64-debian-clang | 1.2.4 | 6.60 | 67.18 | 73.78 | OK | |
r-devel-linux-x86_64-debian-gcc | 1.2.4 | 5.30 | 49.17 | 54.47 | OK | |
r-devel-linux-x86_64-fedora-clang | 1.2.4 | 93.69 | NOTE | |||
r-devel-linux-x86_64-fedora-gcc | 1.2.4 | 106.79 | NOTE | |||
r-devel-windows-x86_64 | 1.2.4 | 8.00 | 77.00 | 85.00 | OK | |
r-patched-linux-x86_64 | 1.2.4 | 7.61 | 64.42 | 72.03 | OK | |
r-release-linux-x86_64 | 1.2.4 | 5.85 | 64.33 | 70.18 | OK | |
r-release-macos-arm64 | 1.2.4 | 37.00 | OK | |||
r-release-macos-x86_64 | 1.2.4 | 62.00 | OK | |||
r-release-windows-x86_64 | 1.2.4 | 8.00 | 78.00 | 86.00 | OK | |
r-oldrel-macos-arm64 | 1.2.4 | 41.00 | OK | |||
r-oldrel-macos-x86_64 | 1.2.4 | 66.00 | OK | |||
r-oldrel-windows-x86_64 | 1.2.4 | 9.00 | 88.00 | 97.00 | OK |
Version: 1.2.4
Check: dependencies in R code
Result: NOTE
Namespaces in Imports field not imported from:
‘knitr’ ‘rmarkdown’
All declared Imports should be used.
Flavors: r-devel-linux-x86_64-fedora-clang, r-devel-linux-x86_64-fedora-gcc