Last updated on 2024-06-29 11:49:09 CEST.
Flavor | Version | Tinstall | Tcheck | Ttotal | Status | Flags |
---|---|---|---|---|---|---|
r-devel-linux-x86_64-debian-clang | 1.11-3 | 17.41 | 206.50 | 223.91 | OK | |
r-devel-linux-x86_64-debian-gcc | 1.11-3 | 19.98 | 153.32 | 173.30 | OK | |
r-devel-linux-x86_64-fedora-clang | 1.11-3 | 302.90 | NOTE | |||
r-devel-linux-x86_64-fedora-gcc | 1.11-3 | 287.09 | OK | |||
r-devel-windows-x86_64 | 1.11-3 | 24.00 | 179.00 | 203.00 | OK | |
r-patched-linux-x86_64 | 1.3-1 | 31.35 | 180.11 | 211.46 | OK | |
r-release-linux-x86_64 | 1.3-1 | 22.41 | 181.58 | 203.99 | OK | |
r-release-macos-arm64 | 1.11-3 | 45.00 | OK | |||
r-release-macos-x86_64 | 1.11-3 | 107.00 | OK | |||
r-release-windows-x86_64 | 1.3-1 | 20.00 | 156.00 | 176.00 | OK | |
r-oldrel-macos-arm64 | 1.11-3 | 60.00 | OK | |||
r-oldrel-macos-x86_64 | 1.11-3 | 101.00 | OK | |||
r-oldrel-windows-x86_64 | 1.11-3 | 29.00 | 203.00 | 232.00 | OK |
Version: 1.11-3
Check: Rd cross-references
Result: NOTE
Undeclared packages ‘dbscan’, ‘stops’ in Rd xrefs
Flavor: r-devel-linux-x86_64-fedora-clang