Last updated on 2024-06-29 11:49:09 CEST.
Flavor | Version | Tinstall | Tcheck | Ttotal | Status | Flags |
---|---|---|---|---|---|---|
r-devel-linux-x86_64-debian-clang | 1.4.1 | 50.79 | 166.16 | 216.95 | OK | |
r-devel-linux-x86_64-debian-gcc | 1.4.1 | 34.64 | 123.99 | 158.63 | OK | |
r-devel-linux-x86_64-fedora-clang | 1.4.1 | 283.10 | OK | |||
r-devel-linux-x86_64-fedora-gcc | 1.4.1 | 298.77 | OK | |||
r-devel-windows-x86_64 | 1.4.1 | 43.00 | 167.00 | 210.00 | NOTE | |
r-patched-linux-x86_64 | 1.4.1 | 47.91 | 162.33 | 210.24 | OK | |
r-release-linux-x86_64 | 1.4.1 | 35.84 | 160.08 | 195.92 | OK | |
r-release-macos-arm64 | 1.4.1 | 84.00 | NOTE | |||
r-release-macos-x86_64 | 1.4.1 | 187.00 | NOTE | |||
r-release-windows-x86_64 | 1.4.1 | 42.00 | 168.00 | 210.00 | NOTE | |
r-oldrel-macos-arm64 | 1.4.1 | 102.00 | NOTE | |||
r-oldrel-macos-x86_64 | 1.4.1 | 203.00 | NOTE | |||
r-oldrel-windows-x86_64 | 1.4.1 | 51.00 | 203.00 | 254.00 | NOTE |
Version: 1.4.1
Check: installed package size
Result: NOTE
installed size is 5.2Mb
sub-directories of 1Mb or more:
data 3.5Mb
libs 1.2Mb
Flavors: r-devel-windows-x86_64, r-release-macos-arm64, r-release-macos-x86_64, r-release-windows-x86_64, r-oldrel-macos-arm64, r-oldrel-macos-x86_64, r-oldrel-windows-x86_64