Last updated on 2025-07-28 07:50:27 CEST.
Flavor | Version | Tinstall | Tcheck | Ttotal | Status | Flags |
---|---|---|---|---|---|---|
r-devel-linux-x86_64-debian-clang | 0.1.1 | 11.22 | 83.92 | 95.14 | NOTE | |
r-devel-linux-x86_64-debian-gcc | 0.1.1 | 9.93 | 69.90 | 79.83 | NOTE | |
r-devel-linux-x86_64-fedora-clang | 0.1.1 | 145.28 | OK | |||
r-devel-linux-x86_64-fedora-gcc | 0.1.1 | 152.67 | OK | |||
r-devel-windows-x86_64 | 0.1.1 | 11.00 | 109.00 | 120.00 | OK | |
r-patched-linux-x86_64 | 0.1.1 | 12.20 | 81.51 | 93.71 | OK | |
r-release-linux-x86_64 | 0.1.1 | 10.72 | 81.43 | 92.15 | OK | |
r-release-macos-arm64 | 0.1.1 | 71.00 | OK | |||
r-release-macos-x86_64 | 0.1.1 | 86.00 | OK | |||
r-release-windows-x86_64 | 0.1.1 | 11.00 | 82.00 | 93.00 | OK | |
r-oldrel-macos-arm64 | 0.1.1 | 69.00 | OK | |||
r-oldrel-macos-x86_64 | 0.1.1 | 70.00 | OK | |||
r-oldrel-windows-x86_64 | 0.1.1 | 15.00 | 99.00 | 114.00 | OK |
Version: 0.1.1
Check: CRAN incoming feasibility
Result: NOTE
Maintainer: ‘Zijian Guo <zijguo@stat.rutgers.edu>’
The Description field contains
when the model is known ('Guo and Small' (2016) <arXiv:1602.01051>) and
<arXiv:2010.09922>).
Please refer to arXiv e-prints via their arXiv DOI <doi:10.48550/arXiv.YYMM.NNNNN>.
Flavors: r-devel-linux-x86_64-debian-clang, r-devel-linux-x86_64-debian-gcc