Last updated on 2025-05-24 10:51:02 CEST.
Flavor | Version | Tinstall | Tcheck | Ttotal | Status | Flags |
---|---|---|---|---|---|---|
r-devel-linux-x86_64-debian-clang | 1.3.3 | 157.47 | 67.03 | 224.50 | OK | |
r-devel-linux-x86_64-debian-gcc | 1.3.3 | 104.04 | 52.90 | 156.94 | OK | |
r-devel-linux-x86_64-fedora-clang | 1.3.3 | 377.44 | OK | |||
r-devel-linux-x86_64-fedora-gcc | 1.3.3 | 435.50 | OK | |||
r-devel-windows-x86_64 | 1.3.3 | 154.00 | 115.00 | 269.00 | OK | |
r-patched-linux-x86_64 | 1.3.3 | 150.54 | 65.36 | 215.90 | OK | |
r-release-linux-x86_64 | 1.3.3 | 150.97 | 64.09 | 215.06 | OK | |
r-release-macos-arm64 | 1.3.3 | 94.00 | OK | |||
r-release-macos-x86_64 | 1.3.3 | 129.00 | OK | |||
r-release-windows-x86_64 | 1.3.3 | 154.00 | 107.00 | 261.00 | OK | |
r-oldrel-macos-arm64 | 1.3.3 | 92.00 | NOTE | |||
r-oldrel-macos-x86_64 | 1.3.3 | 117.00 | NOTE | |||
r-oldrel-windows-x86_64 | 1.3.3 | 179.00 | 124.00 | 303.00 | OK |
Version: 1.3.3
Check: installed package size
Result: NOTE
installed size is 19.7Mb
sub-directories of 1Mb or more:
libs 19.4Mb
Flavors: r-oldrel-macos-arm64, r-oldrel-macos-x86_64