Last updated on 2024-06-29 11:49:09 CEST.
Flavor | Version | Tinstall | Tcheck | Ttotal | Status | Flags |
---|---|---|---|---|---|---|
r-devel-linux-x86_64-debian-clang | 0.1.2 | 9.92 | 144.55 | 154.47 | OK | |
r-devel-linux-x86_64-debian-gcc | 0.1.2 | 8.39 | 102.01 | 110.40 | OK | |
r-devel-linux-x86_64-fedora-clang | 0.1.2 | 200.52 | OK | |||
r-devel-linux-x86_64-fedora-gcc | 0.1.2 | 191.27 | OK | |||
r-devel-windows-x86_64 | 0.1.2 | 11.00 | 118.00 | 129.00 | OK | |
r-patched-linux-x86_64 | 0.1.2 | 11.95 | 132.07 | 144.02 | OK | |
r-release-linux-x86_64 | 0.1.2 | 11.03 | 132.06 | 143.09 | OK | |
r-release-macos-arm64 | 0.1.2 | 58.00 | OK | |||
r-release-macos-x86_64 | 0.1.2 | 96.00 | OK | |||
r-release-windows-x86_64 | 0.1.2 | 13.00 | 120.00 | 133.00 | OK | |
r-oldrel-macos-arm64 | 0.1.2 | 66.00 | OK | |||
r-oldrel-macos-x86_64 | 0.1.2 | 93.00 | NOTE | |||
r-oldrel-windows-x86_64 | 0.1.2 | 15.00 | 141.00 | 156.00 | OK |
Version: 0.1.2
Check: package dependencies
Result: NOTE
Packages suggested but not available for checking:
'scagnostics', 'parsnip', 'C50', 'bartMachine', 'caret'
Flavor: r-oldrel-macos-x86_64