Last updated on 2025-05-09 22:49:45 CEST.
Flavor | Version | Tinstall | Tcheck | Ttotal | Status | Flags |
---|---|---|---|---|---|---|
r-devel-linux-x86_64-debian-clang | 0.1.0 | 2.32 | 19.91 | 22.23 | NOTE | |
r-devel-linux-x86_64-debian-gcc | 0.1.0 | 2.00 | 16.99 | 18.99 | NOTE | |
r-devel-linux-x86_64-fedora-clang | 0.1.0 | 33.99 | OK | |||
r-devel-linux-x86_64-fedora-gcc | 0.1.0 | 31.47 | OK | |||
r-devel-windows-x86_64 | 0.1.0 | 3.00 | 42.00 | 45.00 | OK | |
r-patched-linux-x86_64 | 0.1.0 | 2.47 | 18.08 | 20.55 | OK | |
r-release-linux-x86_64 | 0.1.0 | 2.45 | 17.86 | 20.31 | OK | |
r-release-macos-arm64 | 0.1.0 | 15.00 | OK | |||
r-release-macos-x86_64 | 0.1.0 | 25.00 | OK | |||
r-release-windows-x86_64 | 0.1.0 | 3.00 | 42.00 | 45.00 | OK | |
r-oldrel-macos-arm64 | 0.1.0 | 19.00 | OK | |||
r-oldrel-macos-x86_64 | 0.1.0 | 28.00 | OK | |||
r-oldrel-windows-x86_64 | 0.1.0 | 4.00 | 44.00 | 48.00 | OK |
Version: 0.1.0
Check: CRAN incoming feasibility
Result: NOTE
Maintainer: ‘Scott Chamberlain <myrmecocystus@gmail.com>’
Found the following (possibly) invalid file URI:
URI: CODE_OF_CONDUCT.md
From: README.md
Flavors: r-devel-linux-x86_64-debian-clang, r-devel-linux-x86_64-debian-gcc