Last updated on 2025-04-30 19:49:57 CEST.
Flavor | Version | Tinstall | Tcheck | Ttotal | Status | Flags |
---|---|---|---|---|---|---|
r-devel-linux-x86_64-debian-clang | 1.0.0 | 13.65 | 31.46 | 45.11 | NOTE | |
r-devel-linux-x86_64-debian-gcc | 1.0.0 | 9.89 | 26.48 | 36.37 | NOTE | |
r-devel-linux-x86_64-fedora-clang | 1.0.0 | 77.79 | NOTE | |||
r-devel-linux-x86_64-fedora-gcc | 1.0.0 | 76.74 | NOTE | |||
r-devel-windows-x86_64 | 1.0.0 | 20.00 | 67.00 | 87.00 | NOTE | |
r-patched-linux-x86_64 | 1.0.0 | 12.91 | 30.55 | 43.46 | NOTE | |
r-release-linux-x86_64 | 1.0.0 | 12.58 | 30.28 | 42.86 | NOTE | |
r-release-macos-arm64 | 1.0.0 | 30.00 | NOTE | |||
r-release-macos-x86_64 | 1.0.0 | 43.00 | NOTE | |||
r-release-windows-x86_64 | 1.0.0 | 20.00 | 67.00 | 87.00 | NOTE | |
r-oldrel-macos-arm64 | 1.0.0 | 25.00 | NOTE | |||
r-oldrel-macos-x86_64 | 1.0.0 | 36.00 | NOTE | |||
r-oldrel-windows-x86_64 | 1.0.0 | 21.00 | 79.00 | 100.00 | NOTE |
Version: 1.0.0
Check: C++ specification
Result: NOTE
Specified C++11: please drop specification unless essential
Flavors: r-devel-linux-x86_64-debian-clang, r-devel-linux-x86_64-debian-gcc, r-devel-linux-x86_64-fedora-clang, r-devel-linux-x86_64-fedora-gcc, r-devel-windows-x86_64, r-patched-linux-x86_64, r-release-linux-x86_64, r-release-macos-arm64, r-release-macos-x86_64, r-release-windows-x86_64, r-oldrel-macos-arm64, r-oldrel-macos-x86_64, r-oldrel-windows-x86_64