Last updated on 2024-07-01 00:49:40 CEST.
Flavor | Version | Tinstall | Tcheck | Ttotal | Status | Flags |
---|---|---|---|---|---|---|
r-devel-linux-x86_64-debian-clang | 0.5.0 | 9.17 | 216.40 | 225.57 | OK | |
r-devel-linux-x86_64-debian-gcc | 0.5.0 | 10.02 | 146.55 | 156.57 | OK | |
r-devel-linux-x86_64-fedora-clang | 0.5.0 | 281.12 | OK | |||
r-devel-linux-x86_64-fedora-gcc | 0.5.0 | 294.03 | OK | |||
r-devel-windows-x86_64 | 0.5.0 | 10.00 | 174.00 | 184.00 | OK | |
r-patched-linux-x86_64 | 0.5.0 | 11.80 | 194.57 | 206.37 | OK | |
r-release-linux-x86_64 | 0.5.0 | 10.64 | 197.15 | 207.79 | OK | |
r-release-macos-arm64 | 0.5.0 | 70.00 | OK | |||
r-release-macos-x86_64 | 0.5.0 | 104.00 | OK | |||
r-release-windows-x86_64 | 0.5.0 | 10.00 | 173.00 | 183.00 | OK | |
r-oldrel-macos-arm64 | 0.5.0 | 66.00 | OK | |||
r-oldrel-macos-x86_64 | 0.5.0 | 103.00 | NOTE | |||
r-oldrel-windows-x86_64 | 0.5.0 | 12.00 | 203.00 | 215.00 | OK |
Version: 0.5.0
Check: package dependencies
Result: NOTE
Package suggested but not available for checking: ‘rstan’
Flavor: r-oldrel-macos-x86_64