Last updated on 2025-05-21 21:49:12 CEST.
Flavor | Version | Tinstall | Tcheck | Ttotal | Status | Flags |
---|---|---|---|---|---|---|
r-devel-linux-x86_64-debian-clang | 0.0.4 | 7.13 | 71.52 | 78.65 | NOTE | |
r-devel-linux-x86_64-debian-gcc | 0.0.4 | 6.16 | 53.58 | 59.74 | NOTE | |
r-devel-linux-x86_64-fedora-clang | 0.0.4 | 125.82 | OK | |||
r-devel-linux-x86_64-fedora-gcc | 0.0.4 | 134.02 | OK | |||
r-devel-windows-x86_64 | 0.0.4 | 10.00 | 148.00 | 158.00 | OK | |
r-patched-linux-x86_64 | 0.0.4 | 8.85 | 66.32 | 75.17 | OK | |
r-release-linux-x86_64 | 0.0.4 | 7.34 | 68.04 | 75.38 | OK | |
r-release-macos-arm64 | 0.0.4 | 49.00 | OK | |||
r-release-macos-x86_64 | 0.0.4 | 83.00 | OK | |||
r-release-windows-x86_64 | 0.0.4 | 10.00 | 153.00 | 163.00 | OK | |
r-oldrel-macos-arm64 | 0.0.4 | 44.00 | OK | |||
r-oldrel-macos-x86_64 | 0.0.4 | 66.00 | OK | |||
r-oldrel-windows-x86_64 | 0.0.4 | 12.00 | 117.00 | 129.00 | OK |
Version: 0.0.4
Check: CRAN incoming feasibility
Result: NOTE
Maintainer: ‘Elliott Gordon-Rodriguez <eg2912@columbia.edu>’
Package CITATION file contains call(s) to old-style personList() or
as.personList(). Please use c() on person objects instead.
Package CITATION file contains call(s) to old-style citEntry(). Please
use bibentry() instead.
Flavors: r-devel-linux-x86_64-debian-clang, r-devel-linux-x86_64-debian-gcc