CRAN Package Check Results for Package coca

Last updated on 2025-10-09 06:51:02 CEST.

Flavor Version Tinstall Tcheck Ttotal Status Flags
r-devel-linux-x86_64-debian-clang 1.1.0 2.43 83.20 85.63 NOTE
r-devel-linux-x86_64-debian-gcc 1.1.0 1.94 57.29 59.23 NOTE
r-devel-linux-x86_64-fedora-clang 1.1.0 127.84 NOTE
r-devel-linux-x86_64-fedora-gcc 1.1.0 140.00 NOTE
r-devel-windows-x86_64 1.1.0 6.00 102.00 108.00 OK
r-patched-linux-x86_64 1.1.0 3.05 77.22 80.27 OK
r-release-linux-x86_64 1.1.0 2.51 76.62 79.13 OK
r-release-macos-arm64 1.1.0 51.00 OK
r-release-macos-x86_64 1.1.0 111.00 OK
r-release-windows-x86_64 1.1.0 6.00 103.00 109.00 OK
r-oldrel-macos-arm64 1.1.0 54.00 NOTE
r-oldrel-macos-x86_64 1.1.0 80.00 NOTE
r-oldrel-windows-x86_64 1.1.0 7.00 137.00 144.00 NOTE

Check Details

Version: 1.1.0
Check: CRAN incoming feasibility
Result: NOTE Maintainer: ‘Alessandra Cabassi <alessandra.cabassi@mrc-bsu.cam.ac.uk>’ Package CITATION file contains call(s) to old-style personList() or as.personList(). Please use c() on person objects instead. Package CITATION file contains call(s) to old-style citEntry(). Please use bibentry() instead. Flavors: r-devel-linux-x86_64-debian-clang, r-devel-linux-x86_64-debian-gcc

Version: 1.1.0
Check: dependencies in R code
Result: NOTE Namespaces in Imports field not imported from: ‘Matrix’ ‘nnet’ All declared Imports should be used. Flavors: r-devel-linux-x86_64-fedora-clang, r-devel-linux-x86_64-fedora-gcc

Version: 1.1.0
Check: LazyData
Result: NOTE 'LazyData' is specified without a 'data' directory Flavors: r-oldrel-macos-arm64, r-oldrel-macos-x86_64, r-oldrel-windows-x86_64