Last updated on 2025-05-02 02:50:51 CEST.
Flavor | Version | Tinstall | Tcheck | Ttotal | Status | Flags |
---|---|---|---|---|---|---|
r-devel-linux-x86_64-debian-clang | 0.1.3 | 9.30 | 87.12 | 96.42 | OK | |
r-devel-linux-x86_64-debian-gcc | 0.1.3 | 6.59 | 63.68 | 70.27 | OK | |
r-devel-linux-x86_64-fedora-clang | 0.1.3 | 162.18 | NOTE | |||
r-devel-linux-x86_64-fedora-gcc | 0.1.3 | 157.34 | NOTE | |||
r-devel-windows-x86_64 | 0.1.3 | 11.00 | 100.00 | 111.00 | OK | |
r-patched-linux-x86_64 | 0.1.3 | 8.61 | 82.85 | 91.46 | OK | |
r-release-linux-x86_64 | OK | |||||
r-release-macos-arm64 | 0.1.3 | 61.00 | OK | |||
r-release-macos-x86_64 | 0.1.3 | 109.00 | OK | |||
r-release-windows-x86_64 | 0.1.3 | 11.00 | 101.00 | 112.00 | OK | |
r-oldrel-macos-arm64 | 0.1.3 | 48.00 | OK | |||
r-oldrel-macos-x86_64 | 0.1.3 | 77.00 | OK | |||
r-oldrel-windows-x86_64 | 0.1.3 | 15.00 | 122.00 | 137.00 | OK |
Version: 0.1.3
Check: dependencies in R code
Result: NOTE
Namespace in Imports field not imported from: ‘MPV’
All declared Imports should be used.
Flavors: r-devel-linux-x86_64-fedora-clang, r-devel-linux-x86_64-fedora-gcc