Last updated on 2025-04-30 01:50:14 CEST.
Flavor | Version | Tinstall | Tcheck | Ttotal | Status | Flags |
---|---|---|---|---|---|---|
r-devel-linux-x86_64-debian-clang | 1.0.0 | 2.59 | 49.65 | 52.24 | NOTE | |
r-devel-linux-x86_64-debian-gcc | 1.0.0 | 2.18 | 31.39 | 33.57 | NOTE | |
r-devel-linux-x86_64-fedora-clang | 1.0.0 | 80.11 | OK | |||
r-devel-linux-x86_64-fedora-gcc | 1.0.0 | 81.40 | OK | |||
r-devel-windows-x86_64 | 1.0.0 | 3.00 | 74.00 | 77.00 | OK | |
r-patched-linux-x86_64 | 1.0.0 | 3.13 | 48.05 | 51.18 | OK | |
r-release-linux-x86_64 | 1.0.0 | 2.45 | 47.77 | 50.22 | OK | |
r-release-macos-arm64 | 1.0.0 | 24.00 | OK | |||
r-release-macos-x86_64 | 1.0.0 | 55.00 | OK | |||
r-release-windows-x86_64 | 1.0.0 | 3.00 | 72.00 | 75.00 | OK | |
r-oldrel-macos-arm64 | 1.0.0 | 27.00 | OK | |||
r-oldrel-macos-x86_64 | 1.0.0 | 45.00 | OK | |||
r-oldrel-windows-x86_64 | 1.0.0 | 4.00 | 83.00 | 87.00 | OK |
Version: 1.0.0
Check: examples
Result: NOTE
Examples with CPU (user + system) or elapsed time > 5s
user system elapsed
divisive_clustering 8.917 0.044 10.092
gaussian_mixture 2.809 5.987 10.742
agglomerative_clustering 6.387 0.086 7.427
Flavor: r-devel-linux-x86_64-debian-clang
Version: 1.0.0
Check: examples
Result: NOTE
Examples with CPU (user + system) or elapsed time > 5s
user system elapsed
divisive_clustering 5.066 0.046 5.557
Flavor: r-devel-linux-x86_64-debian-gcc