Last updated on 2025-07-17 11:50:29 CEST.
Flavor | Version | Tinstall | Tcheck | Ttotal | Status | Flags |
---|---|---|---|---|---|---|
r-devel-linux-x86_64-debian-clang | 0.4-2 | 6.39 | 336.09 | 342.48 | NOTE | |
r-devel-linux-x86_64-debian-gcc | 0.4-2 | 5.31 | 187.00 | 192.31 | NOTE | |
r-devel-linux-x86_64-fedora-clang | 0.4-2 | 548.56 | OK | |||
r-devel-linux-x86_64-fedora-gcc | 0.4-2 | 530.67 | OK | |||
r-devel-windows-x86_64 | 0.4-2 | 8.00 | 276.00 | 284.00 | OK | |
r-patched-linux-x86_64 | 0.4-2 | 6.96 | 312.74 | 319.70 | OK | |
r-release-linux-x86_64 | 0.4-2 | 5.78 | 315.35 | 321.13 | OK | |
r-release-macos-arm64 | 0.4-2 | 117.00 | OK | |||
r-release-macos-x86_64 | 0.4-2 | 261.00 | OK | |||
r-release-windows-x86_64 | 0.4-2 | 8.00 | 268.00 | 276.00 | OK | |
r-oldrel-macos-arm64 | 0.4-2 | 121.00 | OK | |||
r-oldrel-macos-x86_64 | 0.4-2 | 358.00 | OK | |||
r-oldrel-windows-x86_64 | 0.4-2 | 10.00 | 402.00 | 412.00 | OK |
Version: 0.4-2
Check: CRAN incoming feasibility
Result: NOTE
Maintainer: ‘Gero Szepannek <gero.szepannek@web.de>’
No Authors@R field in DESCRIPTION.
Please add one, modifying
Authors@R: c(person(given = "Gero",
family = "Szepannek",
role = c("aut", "cre"),
email = "gero.szepannek@web.de"),
person(given = "Rabea",
family = "Aschenbruck",
role = "aut"))
as necessary.
Flavors: r-devel-linux-x86_64-debian-clang, r-devel-linux-x86_64-debian-gcc